Last updated on 2023-10-02 05:06:52 CEST.
Flavor | Version | Tinstall | Tcheck | Ttotal | Status | Flags |
---|---|---|---|---|---|---|
r-devel-linux-x86_64-debian-clang | 0.15.8 | 24.13 | 144.80 | 168.93 | NOTE | |
r-devel-linux-x86_64-debian-gcc | 0.15.8 | 21.40 | 103.52 | 124.92 | NOTE | |
r-devel-linux-x86_64-fedora-clang | 0.15.8 | 217.94 | NOTE | |||
r-devel-linux-x86_64-fedora-gcc | 0.15.8 | 235.39 | NOTE | |||
r-devel-windows-x86_64 | 0.15.8 | 50.00 | 154.00 | 204.00 | NOTE | |
r-patched-linux-x86_64 | 0.15.8 | 32.78 | 139.06 | 171.84 | NOTE | |
r-release-linux-x86_64 | 0.15.8 | 28.62 | 140.07 | 168.69 | NOTE | |
r-release-macos-arm64 | 0.15.8 | 87.00 | NOTE | |||
r-release-macos-x86_64 | 0.15.8 | 189.00 | NOTE | |||
r-release-windows-x86_64 | 0.15.8 | 75.00 | 180.00 | 255.00 | NOTE | |
r-oldrel-macos-arm64 | 0.15.8 | 80.00 | NOTE | |||
r-oldrel-macos-x86_64 | 0.15.8 | 112.00 | NOTE | |||
r-oldrel-windows-x86_64 | 0.15.8 | 74.00 | 176.00 | 250.00 | NOTE |
Version: 0.15.8
Check: for GNU extensions in Makefiles
Result: NOTE
GNU make is a SystemRequirements.
Flavors: r-devel-linux-x86_64-debian-clang, r-devel-linux-x86_64-debian-gcc, r-devel-linux-x86_64-fedora-clang, r-devel-linux-x86_64-fedora-gcc, r-devel-windows-x86_64, r-patched-linux-x86_64, r-release-linux-x86_64, r-release-macos-arm64, r-release-macos-x86_64, r-release-windows-x86_64, r-oldrel-macos-arm64, r-oldrel-macos-x86_64, r-oldrel-windows-x86_64