CRAN Package Check Results for Package stringi

Last updated on 2021-10-23 09:37:05 CEST.

Flavor Version Tinstall Tcheck Ttotal Status Flags
r-devel-linux-x86_64-debian-clang 1.7.5 139.19 56.14 195.33 OK
r-devel-linux-x86_64-debian-gcc 1.7.5 95.62 43.74 139.36 OK
r-devel-linux-x86_64-fedora-clang 1.7.5 325.79 NOTE
r-devel-linux-x86_64-fedora-gcc 1.7.5 255.98 OK
r-devel-windows-x86_64 1.7.5 960.00 101.00 1061.00 NOTE
r-devel-windows-x86_64-gcc10-UCRT 1.7.5 WARN
r-patched-linux-x86_64 1.7.5 126.69 54.23 180.92 OK
r-patched-solaris-x86 1.7.5 456.50 NOTE
r-release-linux-x86_64 1.7.5 123.48 54.21 177.69 OK
r-release-macos-arm64 1.7.5 NOTE
r-release-macos-x86_64 1.7.5 NOTE
r-release-windows-ix86+x86_64 1.7.5 1540.00 170.00 1710.00 NOTE
r-oldrel-macos-x86_64 1.7.5 NOTE
r-oldrel-windows-ix86+x86_64 1.7.5 1560.00 158.00 1718.00 NOTE

Additional issues

rchk valgrind

Check Details

Version: 1.7.5
Check: installed package size
Result: NOTE
     installed size is 5.8Mb
     sub-directories of 1Mb or more:
     libs 4.9Mb
Flavors: r-devel-linux-x86_64-fedora-clang, r-devel-windows-x86_64, r-patched-solaris-x86, r-release-macos-arm64, r-release-macos-x86_64, r-release-windows-ix86+x86_64, r-oldrel-macos-x86_64, r-oldrel-windows-ix86+x86_64

Version: 1.7.5
Check: whether package can be installed
Result: WARN
    Found the following significant warnings:
     icu69/common/cstring.h:43:70: warning: 'char* strncpy(char*, const char*, size_t)' output may be truncated copying 156 bytes from a string of length 156 [-Wstringop-truncation]
Flavor: r-devel-windows-x86_64-gcc10-UCRT