CRAN Package Check Results for Package strip

Last updated on 2021-10-26 12:54:40 CEST.

Flavor Version Tinstall Tcheck Ttotal Status Flags
r-devel-linux-x86_64-debian-clang 1.0.0 2.38 40.50 42.88 NOTE
r-devel-linux-x86_64-debian-gcc 1.0.0 2.03 30.44 32.47 NOTE
r-devel-linux-x86_64-fedora-clang 1.0.0 61.55 NOTE
r-devel-linux-x86_64-fedora-gcc 1.0.0 49.96 NOTE
r-devel-windows-x86_64 1.0.0 5.00 46.00 51.00 NOTE
r-devel-windows-x86_64-gcc10-UCRT 1.0.0 NOTE
r-patched-linux-x86_64 1.0.0 2.63 37.35 39.98 NOTE
r-patched-solaris-x86 1.0.0 82.10 NOTE
r-release-linux-x86_64 1.0.0 2.25 37.48 39.73 NOTE
r-release-macos-arm64 1.0.0 NOTE
r-release-macos-x86_64 1.0.0 NOTE
r-release-windows-ix86+x86_64 1.0.0 5.00 64.00 69.00 NOTE
r-oldrel-macos-x86_64 1.0.0 OK
r-oldrel-windows-ix86+x86_64 1.0.0 6.00 60.00 66.00 OK

Check Details

Version: 1.0.0
Check: LazyData
Result: NOTE
     'LazyData' is specified without a 'data' directory
Flavors: r-devel-linux-x86_64-debian-clang, r-devel-linux-x86_64-debian-gcc, r-devel-linux-x86_64-fedora-clang, r-devel-linux-x86_64-fedora-gcc, r-devel-windows-x86_64, r-devel-windows-x86_64-gcc10-UCRT, r-patched-linux-x86_64, r-patched-solaris-x86, r-release-linux-x86_64, r-release-macos-arm64, r-release-macos-x86_64, r-release-windows-ix86+x86_64