CRAN Package Check Results for Package stsm

Last updated on 2021-12-01 03:55:43 CET.

Flavor Version Tinstall Tcheck Ttotal Status Flags
r-devel-linux-x86_64-debian-clang 1.9 12.02 57.89 69.91 OK
r-devel-linux-x86_64-debian-gcc 1.9 9.75 44.97 54.72 OK
r-devel-linux-x86_64-fedora-clang 1.9 102.06 NOTE
r-devel-linux-x86_64-fedora-gcc 1.9 89.40 NOTE
r-devel-windows-x86_64-new-UL 1.9 30.00 115.00 145.00 OK
r-devel-windows-x86_64-new-TK 1.9 OK
r-devel-windows-x86_64-old 1.9 22.00 66.00 88.00 OK
r-patched-linux-x86_64 1.9 12.19 58.07 70.26 OK
r-patched-solaris-x86 1.9 123.00 OK
r-release-linux-x86_64 1.9 10.88 56.41 67.29 OK
r-release-macos-arm64 1.9 OK
r-release-macos-x86_64 1.9 OK
r-release-windows-ix86+x86_64 1.9 26.00 79.00 105.00 OK
r-oldrel-macos-x86_64 1.9 OK
r-oldrel-windows-ix86+x86_64 1.9 21.00 99.00 120.00 OK

Check Details

Version: 1.9
Check: compiled code
Result: NOTE
    File ‘stsm/libs/stsm.so’:
     Found no calls to: ‘R_registerRoutines’, ‘R_useDynamicSymbols’
    
    It is good practice to register native routines and to disable symbol
    search.
    
    See ‘Writing portable packages’ in the ‘Writing R Extensions’ manual.
Flavors: r-devel-linux-x86_64-fedora-clang, r-devel-linux-x86_64-fedora-gcc