Last updated on 2023-10-03 09:08:31 CEST.
Flavor | Version | Tinstall | Tcheck | Ttotal | Status | Flags |
---|---|---|---|---|---|---|
r-devel-linux-x86_64-debian-clang | 0.1.0 | 15.79 | 277.39 | 293.18 | OK | |
r-devel-linux-x86_64-debian-gcc | 0.1.0 | 13.47 | 206.82 | 220.29 | OK | |
r-devel-linux-x86_64-fedora-clang | 0.1.0 | 341.13 | OK | |||
r-devel-linux-x86_64-fedora-gcc | 0.1.0 | 351.14 | OK | |||
r-devel-windows-x86_64 | 0.1.0 | 13.00 | 240.00 | 253.00 | OK | |
r-patched-linux-x86_64 | 0.1.0 | 11.69 | 263.64 | 275.33 | OK | |
r-release-linux-x86_64 | 0.1.0 | 10.43 | 260.88 | 271.31 | OK | |
r-release-macos-arm64 | 0.1.0 | 103.00 | NOTE | |||
r-release-macos-x86_64 | 0.1.0 | 174.00 | NOTE | |||
r-release-windows-x86_64 | 0.1.0 | 18.00 | 294.00 | 312.00 | OK | |
r-oldrel-macos-arm64 | 0.1.0 | 86.00 | NOTE | |||
r-oldrel-macos-x86_64 | 0.1.0 | 132.00 | OK | |||
r-oldrel-windows-x86_64 | 0.1.0 | 21.00 | 305.00 | 326.00 | OK |
Version: 0.1.0
Check: installed package size
Result: NOTE
installed size is 5.1Mb
sub-directories of 1Mb or more:
data 3.1Mb
doc 1.3Mb
Flavors: r-release-macos-arm64, r-release-macos-x86_64, r-oldrel-macos-arm64