Last updated on 2023-06-06 21:01:06 CEST.
Flavor | Version | Tinstall | Tcheck | Ttotal | Status | Flags |
---|---|---|---|---|---|---|
r-devel-linux-x86_64-debian-clang | 3.0.7 | 10.58 | 87.16 | 97.74 | OK | |
r-devel-linux-x86_64-debian-gcc | 3.0.7 | 8.63 | 68.30 | 76.93 | OK | |
r-devel-linux-x86_64-fedora-clang | 3.0.7 | 126.01 | NOTE | |||
r-devel-linux-x86_64-fedora-gcc | 3.0.7 | 130.76 | NOTE | |||
r-devel-windows-x86_64 | 3.0.7 | 11.00 | 83.00 | 94.00 | OK | |
r-patched-linux-x86_64 | 3.0.7 | 8.16 | 83.33 | 91.49 | OK | |
r-release-linux-x86_64 | 3.0.7 | 6.55 | 83.98 | 90.53 | OK | |
r-release-macos-arm64 | 3.0.7 | 46.00 | OK | |||
r-release-macos-x86_64 | 3.0.7 | 74.00 | OK | |||
r-release-windows-x86_64 | 3.0.7 | 13.00 | 95.00 | 108.00 | OK | |
r-oldrel-macos-arm64 | 3.0.7 | 40.00 | NOTE | |||
r-oldrel-macos-x86_64 | 3.0.7 | 54.00 | NOTE | |||
r-oldrel-windows-x86_64 | 3.0.7 | 13.00 | 98.00 | 111.00 | OK |
Version: 3.0.7
Check: dependencies in R code
Result: NOTE
Namespaces in Imports field not imported from:
‘DT’ ‘bsplus’ ‘colourpicker’ ‘grDevices’ ‘graphics’ ‘jsonlite’
‘purrr’ ‘shinyjs’
All declared Imports should be used.
Flavors: r-devel-linux-x86_64-fedora-clang, r-devel-linux-x86_64-fedora-gcc, r-oldrel-macos-arm64, r-oldrel-macos-x86_64