CRAN Package Check Results for Package subsemble

Last updated on 2024-03-04 16:02:12 CET.

Flavor Version Tinstall Tcheck Ttotal Status Flags
r-devel-linux-x86_64-debian-clang 0.1.0 2.35 27.69 30.04 OK
r-devel-linux-x86_64-debian-gcc 0.1.0 2.30 21.23 23.53 OK
r-devel-linux-x86_64-fedora-clang 0.1.0 38.87 OK
r-devel-linux-x86_64-fedora-gcc 0.1.0 35.51 OK
r-devel-windows-x86_64 0.1.0 5.00 43.00 48.00 OK
r-patched-linux-x86_64 0.1.0 2.92 27.17 30.09 OK
r-release-linux-x86_64 0.1.0 2.48 26.83 29.31 OK
r-release-macos-arm64 0.1.0 20.00 OK
r-release-macos-x86_64 0.1.0 22.00 NOTE
r-release-windows-x86_64 0.1.0 4.00 45.00 49.00 OK
r-oldrel-macos-arm64 0.1.0 16.00 OK
r-oldrel-windows-x86_64 0.1.0 4.00 49.00 53.00 OK

Check Details

Version: 0.1.0
Check: package dependencies
Result: NOTE Packages suggested but not available for checking: 'arm', 'caret', 'party' Flavor: r-release-macos-x86_64