CRAN Package Check Results for Package sudachir

Last updated on 2025-05-01 01:49:48 CEST.

Flavor Version Tinstall Tcheck Ttotal Status Flags
r-devel-linux-x86_64-debian-clang 0.1.0 1.86 24.71 26.57 OK
r-devel-linux-x86_64-debian-gcc 0.1.0 1.47 20.01 21.48 OK
r-devel-linux-x86_64-fedora-clang 0.1.0 41.15 NOTE
r-devel-linux-x86_64-fedora-gcc 0.1.0 39.58 NOTE
r-devel-windows-x86_64 0.1.0 3.00 62.00 65.00 OK
r-patched-linux-x86_64 0.1.0 1.90 22.65 24.55 OK
r-release-linux-x86_64 0.1.0 1.87 22.15 24.02 OK
r-release-macos-arm64 0.1.0 20.00 OK
r-release-macos-x86_64 0.1.0 28.00 OK
r-release-windows-x86_64 0.1.0 4.00 64.00 68.00 OK
r-oldrel-macos-arm64 0.1.0 17.00 NOTE
r-oldrel-macos-x86_64 0.1.0 25.00 NOTE
r-oldrel-windows-x86_64 0.1.0 4.00 55.00 59.00 NOTE

Check Details

Version: 0.1.0
Check: dependencies in R code
Result: NOTE Namespace in Imports field not imported from: ‘tidyselect’ All declared Imports should be used. Flavors: r-devel-linux-x86_64-fedora-clang, r-devel-linux-x86_64-fedora-gcc

Version: 0.1.0
Check: LazyData
Result: NOTE 'LazyData' is specified without a 'data' directory Flavors: r-oldrel-macos-arm64, r-oldrel-macos-x86_64, r-oldrel-windows-x86_64