Last updated on 2023-06-05 01:52:19 CEST.
Flavor | Version | Tinstall | Tcheck | Ttotal | Status | Flags |
---|---|---|---|---|---|---|
r-devel-linux-x86_64-debian-clang | 0.1.0 | 2.16 | 28.57 | 30.73 | NOTE | |
r-devel-linux-x86_64-debian-gcc | 0.1.0 | 1.75 | 21.98 | 23.73 | NOTE | |
r-devel-linux-x86_64-fedora-clang | 0.1.0 | 39.53 | NOTE | |||
r-devel-linux-x86_64-fedora-gcc | 0.1.0 | 38.07 | NOTE | |||
r-devel-windows-x86_64 | 0.1.0 | 3.00 | 51.00 | 54.00 | NOTE | |
r-patched-linux-x86_64 | 0.1.0 | 1.74 | 27.47 | 29.21 | NOTE | |
r-release-linux-x86_64 | 0.1.0 | 2.09 | 27.41 | 29.50 | NOTE | |
r-release-macos-arm64 | 0.1.0 | 19.00 | NOTE | |||
r-release-macos-x86_64 | 0.1.0 | 24.00 | NOTE | |||
r-release-windows-x86_64 | 0.1.0 | 5.00 | 49.00 | 54.00 | NOTE | |
r-oldrel-macos-arm64 | 0.1.0 | 19.00 | NOTE | |||
r-oldrel-macos-x86_64 | 0.1.0 | 33.00 | NOTE | |||
r-oldrel-windows-x86_64 | 0.1.0 | 4.00 | 54.00 | 58.00 | NOTE |
Version: 0.1.0
Check: LazyData
Result: NOTE
'LazyData' is specified without a 'data' directory
Flavors: r-devel-linux-x86_64-debian-clang, r-devel-linux-x86_64-debian-gcc, r-devel-linux-x86_64-fedora-clang, r-devel-linux-x86_64-fedora-gcc, r-devel-windows-x86_64, r-patched-linux-x86_64, r-release-linux-x86_64, r-release-macos-arm64, r-release-macos-x86_64, r-release-windows-x86_64, r-oldrel-macos-arm64, r-oldrel-macos-x86_64, r-oldrel-windows-x86_64
Version: 0.1.0
Check: dependencies in R code
Result: NOTE
Namespace in Imports field not imported from: ‘tidyselect’
All declared Imports should be used.
Flavors: r-devel-linux-x86_64-fedora-clang, r-devel-linux-x86_64-fedora-gcc, r-oldrel-macos-arm64, r-oldrel-macos-x86_64