CRAN Package Check Results for Package sugarbag

Last updated on 2024-06-22 16:49:17 CEST.

Flavor Version Tinstall Tcheck Ttotal Status Flags
r-devel-linux-x86_64-debian-clang 0.1.6 9.40 114.91 124.31 NOTE
r-devel-linux-x86_64-debian-gcc 0.1.6 6.15 83.40 89.55 NOTE
r-devel-linux-x86_64-fedora-clang 0.1.6 153.21 NOTE
r-devel-linux-x86_64-fedora-gcc 0.1.6 156.47 NOTE
r-devel-windows-x86_64 0.1.6 10.00 95.00 105.00 NOTE
r-patched-linux-x86_64 0.1.6 7.58 107.84 115.42 NOTE
r-release-linux-x86_64 0.1.6 5.23 110.52 115.75 NOTE
r-release-macos-arm64 0.1.6 51.00 NOTE
r-release-macos-x86_64 0.1.6 76.00 NOTE
r-release-windows-x86_64 0.1.6 9.00 98.00 107.00 NOTE
r-oldrel-macos-arm64 0.1.6 51.00 OK
r-oldrel-macos-x86_64 0.1.6 88.00 OK
r-oldrel-windows-x86_64 0.1.6 10.00 122.00 132.00 OK

Additional issues

donttest

Check Details

Version: 0.1.6
Check: Rd files
Result: NOTE checkRd: (-1) fp19.Rd:11: Lost braces in \itemize; meant \describe ? checkRd: (-1) fp19.Rd:12-13: Lost braces in \itemize; meant \describe ? checkRd: (-1) fp19.Rd:14: Lost braces in \itemize; meant \describe ? checkRd: (-1) fp19.Rd:15: Lost braces in \itemize; meant \describe ? checkRd: (-1) fp19.Rd:16: Lost braces in \itemize; meant \describe ? checkRd: (-1) fp19.Rd:17: Lost braces in \itemize; meant \describe ? checkRd: (-1) fp19.Rd:18: Lost braces in \itemize; meant \describe ? checkRd: (-1) fp19.Rd:19: Lost braces in \itemize; meant \describe ? checkRd: (-1) fp19.Rd:20: Lost braces in \itemize; meant \describe ? checkRd: (-1) fp19.Rd:21: Lost braces in \itemize; meant \describe ? checkRd: (-1) fp19.Rd:22: Lost braces in \itemize; meant \describe ? checkRd: (-1) fp19.Rd:23-24: Lost braces in \itemize; meant \describe ? checkRd: (-1) fp19.Rd:25: Lost braces in \itemize; meant \describe ? Flavors: r-devel-linux-x86_64-debian-clang, r-devel-linux-x86_64-debian-gcc, r-devel-linux-x86_64-fedora-clang, r-devel-linux-x86_64-fedora-gcc, r-devel-windows-x86_64, r-patched-linux-x86_64, r-release-linux-x86_64, r-release-macos-arm64, r-release-macos-x86_64, r-release-windows-x86_64