CRAN Package Check Results for Package supervisedPRIM

Last updated on 2021-10-16 13:04:13 CEST.

Flavor Version Tinstall Tcheck Ttotal Status Flags
r-devel-linux-x86_64-debian-clang 2.0.0 2.13 207.16 209.29 NOTE
r-devel-linux-x86_64-debian-gcc 2.0.0 1.81 150.77 152.58 NOTE
r-devel-linux-x86_64-fedora-clang 2.0.0 257.51 NOTE
r-devel-linux-x86_64-fedora-gcc 2.0.0 248.21 NOTE
r-devel-windows-x86_64 2.0.0 6.00 197.00 203.00 NOTE
r-devel-windows-x86_64-gcc10-UCRT 2.0.0 NOTE
r-patched-linux-x86_64 2.0.0 2.23 199.84 202.07 NOTE
r-patched-solaris-x86 2.0.0 403.10 NOTE
r-release-linux-x86_64 2.0.0 2.30 201.06 203.36 NOTE
r-release-macos-arm64 2.0.0 NOTE
r-release-macos-x86_64 2.0.0 NOTE
r-release-windows-ix86+x86_64 2.0.0 6.00 256.00 262.00 NOTE
r-oldrel-macos-x86_64 2.0.0 OK
r-oldrel-windows-ix86+x86_64 2.0.0 7.00 244.00 251.00 OK

Check Details

Version: 2.0.0
Check: LazyData
Result: NOTE
     'LazyData' is specified without a 'data' directory
Flavors: r-devel-linux-x86_64-debian-clang, r-devel-linux-x86_64-debian-gcc, r-devel-linux-x86_64-fedora-clang, r-devel-linux-x86_64-fedora-gcc, r-devel-windows-x86_64, r-devel-windows-x86_64-gcc10-UCRT, r-patched-linux-x86_64, r-patched-solaris-x86, r-release-linux-x86_64, r-release-macos-arm64, r-release-macos-x86_64, r-release-windows-ix86+x86_64