CRAN Package Check Results for Package survAUC

Last updated on 2024-06-12 20:59:17 CEST.

Flavor Version Tinstall Tcheck Ttotal Status Flags
r-devel-linux-x86_64-debian-clang 1.2-0 19.32 117.61 136.93 OK
r-devel-linux-x86_64-debian-gcc 1.2-0 0.40 1.59 1.99 ERROR
r-devel-linux-x86_64-fedora-clang 1.2-0 172.63 OK
r-devel-linux-x86_64-fedora-gcc 1.2-0 163.96 OK
r-devel-windows-x86_64 1.2-0 19.00 105.00 124.00 OK
r-patched-linux-x86_64 1.2-0 10.43 115.87 126.30 OK
r-release-linux-x86_64 1.2-0 11.39 114.02 125.41 OK
r-release-macos-arm64 1.2-0 51.00 OK
r-release-macos-x86_64 1.2-0 75.00 OK
r-release-windows-x86_64 1.2-0 20.00 107.00 127.00 OK
r-oldrel-macos-arm64 1.2-0 55.00 OK
r-oldrel-macos-x86_64 1.2-0 84.00 OK
r-oldrel-windows-x86_64 1.2-0 24.00 131.00 155.00 OK

Check Details

Version: 1.2-0
Check: package dependencies
Result: ERROR Package required but not available: ‘rms’ See section ‘The DESCRIPTION file’ in the ‘Writing R Extensions’ manual. Flavor: r-devel-linux-x86_64-debian-gcc