CRAN Package Check Results for Package survAccuracyMeasures

Last updated on 2018-06-22 00:46:53 CEST.

Flavor Version Tinstall Tcheck Ttotal Status Flags
r-devel-linux-x86_64-debian-clang 1.2 70.65 59.36 130.01 NOTE
r-devel-linux-x86_64-debian-gcc 1.2 55.93 51.05 106.98 NOTE
r-devel-linux-x86_64-fedora-clang 1.2 175.80 NOTE
r-devel-linux-x86_64-fedora-gcc 1.2 161.86 NOTE
r-devel-windows-ix86+x86_64 1.2 162.00 96.00 258.00 NOTE
r-patched-linux-x86_64 1.2 70.76 55.07 125.83 NOTE
r-patched-solaris-x86 1.2 171.30 NOTE
r-release-linux-x86_64 1.2 67.85 53.81 121.66 NOTE
r-release-windows-ix86+x86_64 1.2 131.00 83.00 214.00 NOTE
r-release-osx-x86_64 1.2 NOTE
r-oldrel-windows-ix86+x86_64 1.2 152.00 86.00 238.00 NOTE
r-oldrel-osx-x86_64 1.2 NOTE

Check Details

Version: 1.2
Check: S3 generic/method consistency
Result: NOTE
    Found the following apparent S3 methods exported but not registered:
     print.SurvAM
    See section ‘Registering S3 methods’ in the ‘Writing R Extensions’
    manual.
Flavors: r-devel-linux-x86_64-debian-clang, r-devel-linux-x86_64-debian-gcc, r-devel-linux-x86_64-fedora-clang, r-devel-linux-x86_64-fedora-gcc, r-patched-linux-x86_64, r-patched-solaris-x86, r-release-linux-x86_64

Version: 1.2
Check: R code for possible problems
Result: NOTE
    Est.Var.CCH.trueweights: no visible binding for global variable ‘var’
    getEstimatesSP: no visible global function definition for ‘quantile’
    getEstimatesSP: no visible global function definition for ‘resid’
    prepareDataNP: no visible global function definition for
     ‘complete.cases’
    prepareDataSP: no visible global function definition for
     ‘complete.cases’
    processRawOutput: no visible global function definition for ‘qnorm’
    survAM.estimate: no visible global function definition for ‘median’
    survAM.estimate: no visible binding for global variable ‘sd’
    Undefined global functions or variables:
     complete.cases median qnorm quantile resid sd var
    Consider adding
     importFrom("stats", "complete.cases", "median", "qnorm", "quantile",
     "resid", "sd", "var")
    to your NAMESPACE file.
Flavors: r-devel-linux-x86_64-debian-clang, r-devel-linux-x86_64-debian-gcc, r-devel-linux-x86_64-fedora-clang, r-devel-linux-x86_64-fedora-gcc, r-devel-windows-ix86+x86_64, r-patched-linux-x86_64, r-patched-solaris-x86, r-release-linux-x86_64, r-release-windows-ix86+x86_64, r-release-osx-x86_64, r-oldrel-windows-ix86+x86_64, r-oldrel-osx-x86_64

Version: 1.2
Check: compiled code
Result: NOTE
    File ‘survAccuracyMeasures/libs/survAccuracyMeasures.so’:
     Found no calls to: ‘R_registerRoutines’, ‘R_useDynamicSymbols’
    
    It is good practice to register native routines and to disable symbol
    search.
    
    See ‘Writing portable packages’ in the ‘Writing R Extensions’ manual.
Flavors: r-devel-linux-x86_64-debian-clang, r-devel-linux-x86_64-debian-gcc, r-devel-linux-x86_64-fedora-clang, r-devel-linux-x86_64-fedora-gcc, r-patched-linux-x86_64, r-release-linux-x86_64

Version: 1.2
Check: installed package size
Result: NOTE
     installed size is 5.0Mb
     sub-directories of 1Mb or more:
     libs 4.9Mb
Flavor: r-devel-linux-x86_64-fedora-clang