CRAN Package Check Results for Package survCurve

Last updated on 2023-10-02 17:01:51 CEST.

Flavor Version Tinstall Tcheck Ttotal Status Flags
r-devel-linux-x86_64-debian-clang 1.0 2.73 31.99 34.72 NOTE
r-devel-linux-x86_64-debian-gcc 1.0 2.10 24.77 26.87 NOTE
r-devel-linux-x86_64-fedora-clang 1.0 43.88 NOTE
r-devel-linux-x86_64-fedora-gcc 1.0 53.57 NOTE
r-devel-windows-x86_64 1.0 3.00 48.00 51.00 NOTE
r-patched-linux-x86_64 1.0 1.82 31.02 32.84 NOTE
r-release-linux-x86_64 1.0 2.27 30.89 33.16 NOTE
r-release-macos-arm64 1.0 24.00 NOTE
r-release-macos-x86_64 1.0 34.00 NOTE
r-release-windows-x86_64 1.0 5.00 50.00 55.00 NOTE
r-oldrel-macos-arm64 1.0 20.00 NOTE
r-oldrel-macos-x86_64 1.0 26.00 NOTE
r-oldrel-windows-x86_64 1.0 4.00 50.00 54.00 NOTE

Check Details

Version: 1.0
Check: LazyData
Result: NOTE
     'LazyData' is specified without a 'data' directory
Flavors: r-devel-linux-x86_64-debian-clang, r-devel-linux-x86_64-debian-gcc, r-devel-linux-x86_64-fedora-clang, r-devel-linux-x86_64-fedora-gcc, r-devel-windows-x86_64, r-patched-linux-x86_64, r-release-linux-x86_64, r-release-macos-arm64, r-release-macos-x86_64, r-release-windows-x86_64, r-oldrel-macos-arm64, r-oldrel-macos-x86_64, r-oldrel-windows-x86_64

Version: 1.0
Check: dependencies in R code
Result: NOTE
    Namespace in Imports field not imported from: ‘survival’
     All declared Imports should be used.
Flavors: r-devel-linux-x86_64-fedora-clang, r-devel-linux-x86_64-fedora-gcc, r-oldrel-macos-arm64, r-oldrel-macos-x86_64