CRAN Package Check Results for Package surveybootstrap

Last updated on 2021-09-19 04:53:31 CEST.

Flavor Version Tinstall Tcheck Ttotal Status Flags
r-devel-linux-x86_64-debian-clang 0.0.1 39.75 154.70 194.45 OK
r-devel-linux-x86_64-debian-gcc 0.0.1 26.29 110.27 136.56 OK
r-devel-linux-x86_64-fedora-clang 0.0.1 230.99 NOTE
r-devel-linux-x86_64-fedora-gcc 0.0.1 214.98 NOTE
r-devel-windows-x86_64 0.0.1 41.00 203.00 244.00 OK
r-devel-windows-x86_64-gcc10-UCRT 0.0.1 ERROR
r-patched-linux-x86_64 0.0.1 29.35 144.72 174.07 OK
r-patched-solaris-x86 0.0.1 247.80 OK
r-release-linux-x86_64 0.0.1 30.20 143.24 173.44 OK
r-release-macos-arm64 0.0.1 OK
r-release-macos-x86_64 0.0.1 OK
r-release-windows-ix86+x86_64 0.0.1 84.00 230.00 314.00 OK
r-oldrel-macos-x86_64 0.0.1 OK
r-oldrel-windows-ix86+x86_64 0.0.1 82.00 250.00 332.00 OK

Check Details

Version: 0.0.1
Check: compiled code
Result: NOTE
    File ‘surveybootstrap/libs/surveybootstrap.so’:
     Found no calls to: ‘R_registerRoutines’, ‘R_useDynamicSymbols’
    
    It is good practice to register native routines and to disable symbol
    search.
    
    See ‘Writing portable packages’ in the ‘Writing R Extensions’ manual.
Flavors: r-devel-linux-x86_64-fedora-clang, r-devel-linux-x86_64-fedora-gcc

Version: 0.0.1
Check: whether package can be installed
Result: ERROR
    Installation failed.
Flavor: r-devel-windows-x86_64-gcc10-UCRT