CRAN Package Check Results for Package surveyoutliers

Last updated on 2021-09-22 13:53:07 CEST.

Flavor Version Tinstall Tcheck Ttotal Status Flags
r-devel-linux-x86_64-debian-clang 0.1 1.77 23.07 24.84 OK
r-devel-linux-x86_64-debian-gcc 0.1 1.53 18.22 19.75 OK
r-devel-linux-x86_64-fedora-clang 0.1 39.58 OK
r-devel-linux-x86_64-fedora-gcc 0.1 28.87 OK
r-devel-windows-x86_64 0.1 3.00 30.00 33.00 OK
r-devel-windows-x86_64-gcc10-UCRT 0.1 ERROR
r-patched-linux-x86_64 0.1 1.80 22.69 24.49 OK
r-patched-solaris-x86 0.1 46.60 OK
r-release-linux-x86_64 0.1 1.85 22.38 24.23 OK
r-release-macos-arm64 0.1 OK
r-release-macos-x86_64 0.1 OK
r-release-windows-ix86+x86_64 0.1 4.00 29.00 33.00 OK
r-oldrel-macos-x86_64 0.1 OK
r-oldrel-windows-ix86+x86_64 0.1 3.00 29.00 32.00 OK

Check Details

Version: 0.1
Check: PDF version of manual
Result: WARN
    LaTeX errors when creating PDF version.
    This typically indicates Rd problems.
Flavor: r-devel-windows-x86_64-gcc10-UCRT

Version: 0.1
Check: PDF version of manual without hyperrefs or index
Result: ERROR
    Re-running with no redirection of stdout/stderr.
Flavor: r-devel-windows-x86_64-gcc10-UCRT