CRAN Package Check Results for Package survivalsvm

Last updated on 2021-10-24 20:51:19 CEST.

Flavor Version Tinstall Tcheck Ttotal Status Flags
r-devel-linux-x86_64-debian-clang 0.0.5 10.18 79.65 89.83 OK
r-devel-linux-x86_64-debian-gcc 0.0.5 8.05 58.03 66.08 OK
r-devel-linux-x86_64-fedora-clang 0.0.5 112.62 NOTE
r-devel-linux-x86_64-fedora-gcc 0.0.5 100.98 NOTE
r-devel-windows-x86_64 0.0.5 15.00 69.00 84.00 OK
r-devel-windows-x86_64-gcc10-UCRT 0.0.5 NOTE
r-patched-linux-x86_64 0.0.5 16.53 74.40 90.93 OK
r-patched-solaris-x86 0.0.5 158.60 NOTE
r-release-linux-x86_64 0.0.5 8.95 73.29 82.24 OK
r-release-macos-arm64 0.0.5 NOTE
r-release-macos-x86_64 0.0.5 NOTE
r-release-windows-ix86+x86_64 0.0.5 15.00 99.00 114.00 OK
r-oldrel-macos-x86_64 0.0.5 NOTE
r-oldrel-windows-ix86+x86_64 0.0.5 21.00 99.00 120.00 OK

Check Details

Version: 0.0.5
Check: dependencies in R code
Result: NOTE
    Namespace in Imports field not imported from: ‘quadprog’
     All declared Imports should be used.
Flavors: r-devel-linux-x86_64-fedora-clang, r-devel-linux-x86_64-fedora-gcc, r-devel-windows-x86_64-gcc10-UCRT, r-patched-solaris-x86, r-release-macos-arm64, r-release-macos-x86_64, r-oldrel-macos-x86_64