CRAN Package Check Results for Package survminer

Last updated on 2021-12-02 04:02:36 CET.

Flavor Version Tinstall Tcheck Ttotal Status Flags
r-devel-linux-x86_64-debian-clang 0.4.9 15.60 222.84 238.44 OK
r-devel-linux-x86_64-debian-gcc 0.4.9 12.46 159.80 172.26 OK
r-devel-linux-x86_64-fedora-clang 0.4.9 305.19 NOTE
r-devel-linux-x86_64-fedora-gcc 0.4.9 272.71 OK
r-devel-windows-x86_64-new-UL 0.4.9 34.00 300.00 334.00 NOTE
r-devel-windows-x86_64-new-TK 0.4.9 OK
r-devel-windows-x86_64-old 0.4.9 25.00 209.00 234.00 NOTE
r-patched-linux-x86_64 0.4.9 21.52 215.26 236.78 OK
r-patched-solaris-x86 0.4.9 351.80 NOTE
r-release-linux-x86_64 0.4.9 15.21 212.94 228.15 OK
r-release-macos-arm64 0.4.9 NOTE
r-release-macos-x86_64 0.4.9 NOTE
r-release-windows-ix86+x86_64 0.4.9 30.00 274.00 304.00 NOTE
r-oldrel-macos-x86_64 0.4.9 NOTE
r-oldrel-windows-ix86+x86_64 0.4.9 34.00 274.00 308.00 NOTE

Check Details

Version: 0.4.9
Check: installed package size
Result: NOTE
     installed size is 6.0Mb
     sub-directories of 1Mb or more:
     doc 5.5Mb
Flavors: r-devel-linux-x86_64-fedora-clang, r-devel-windows-x86_64-new-UL, r-devel-windows-x86_64-old, r-patched-solaris-x86, r-release-macos-arm64, r-release-macos-x86_64, r-release-windows-ix86+x86_64, r-oldrel-macos-x86_64, r-oldrel-windows-ix86+x86_64