CRAN Package Check Results for Package swag

Last updated on 2024-06-12 20:59:17 CEST.

Flavor Version Tinstall Tcheck Ttotal Status Flags
r-devel-linux-x86_64-debian-clang 0.1.0 15.86 272.68 288.54 OK
r-devel-linux-x86_64-debian-gcc 0.1.0 0.30 1.74 2.04 ERROR
r-devel-linux-x86_64-fedora-clang 0.1.0 367.44 OK
r-devel-linux-x86_64-fedora-gcc 0.1.0 355.71 OK
r-devel-windows-x86_64 0.1.0 14.00 219.00 233.00 OK
r-patched-linux-x86_64 0.1.0 9.90 252.20 262.10 OK
r-release-linux-x86_64 0.1.0 9.94 254.13 264.07 OK
r-release-macos-arm64 0.1.0 119.00 OK
r-release-macos-x86_64 0.1.0 168.00 OK
r-release-windows-x86_64 0.1.0 14.00 206.00 220.00 OK
r-oldrel-macos-arm64 0.1.0 128.00 OK
r-oldrel-macos-x86_64 0.1.0 201.00 OK
r-oldrel-windows-x86_64 0.1.0 17.00 256.00 273.00 OK

Check Details

Version: 0.1.0
Check: package dependencies
Result: ERROR Package required but not available: ‘caret’ Packages suggested but not available for checking: 'ggplot2', 'recipes', 'reshape2' See section ‘The DESCRIPTION file’ in the ‘Writing R Extensions’ manual. Flavor: r-devel-linux-x86_64-debian-gcc