CRAN Package Check Results for Package swirl

Last updated on 2022-01-26 08:51:33 CET.

Flavor Version Tinstall Tcheck Ttotal Status Flags
r-devel-linux-x86_64-debian-clang 2.4.5 5.57 60.49 66.06 NOTE
r-devel-linux-x86_64-debian-gcc 2.4.5 4.12 47.12 51.24 NOTE
r-devel-linux-x86_64-fedora-clang 2.4.5 87.57 NOTE
r-devel-linux-x86_64-fedora-gcc 2.4.5 74.04 NOTE
r-devel-windows-x86_64-new-UL 2.4.5 72.00 92.00 164.00 NOTE
r-devel-windows-x86_64-new-TK 2.4.5 NOTE
r-patched-linux-x86_64 2.4.5 7.35 57.66 65.01 NOTE
r-release-linux-x86_64 2.4.5 7.03 58.01 65.04 NOTE
r-release-macos-arm64 2.4.5 NOTE
r-release-macos-x86_64 2.4.5 NOTE
r-release-windows-ix86+x86_64 2.4.5 12.00 72.00 84.00 NOTE
r-oldrel-macos-x86_64 2.4.5 OK
r-oldrel-windows-ix86+x86_64 2.4.5 13.00 70.00 83.00 OK

Check Details

Version: 2.4.5
Check: LazyData
Result: NOTE
     'LazyData' is specified without a 'data' directory
Flavors: r-devel-linux-x86_64-debian-clang, r-devel-linux-x86_64-debian-gcc, r-devel-linux-x86_64-fedora-clang, r-devel-linux-x86_64-fedora-gcc, r-devel-windows-x86_64-new-UL, r-devel-windows-x86_64-new-TK, r-patched-linux-x86_64, r-release-linux-x86_64, r-release-macos-arm64, r-release-macos-x86_64, r-release-windows-ix86+x86_64