CRAN Package Check Results for Package switchr

Last updated on 2022-01-26 11:53:53 CET.

Flavor Version Tinstall Tcheck Ttotal Status Flags
r-devel-linux-x86_64-debian-clang 0.14.3 13.36 1021.26 1034.62 OK
r-devel-linux-x86_64-debian-gcc 0.14.3 8.66 664.47 673.13 OK
r-devel-linux-x86_64-fedora-clang 0.14.3 629.81 OK
r-devel-linux-x86_64-fedora-gcc 0.14.3 1153.64 OK
r-devel-windows-x86_64-new-UL 0.14.3 149.00 1698.00 1847.00 OK
r-devel-windows-x86_64-new-TK 0.14.3 OK
r-patched-linux-x86_64 0.14.3 13.14 98.43 111.57 NOTE
r-release-linux-x86_64 0.14.3 9.78 95.39 105.17 OK
r-release-macos-arm64 0.14.3 OK
r-release-macos-x86_64 0.14.3 OK
r-release-windows-ix86+x86_64 0.14.3 25.00 124.00 149.00 OK
r-oldrel-macos-x86_64 0.14.3 OK
r-oldrel-windows-ix86+x86_64 0.14.3 48.00 121.00 169.00 OK

Check Details

Version: 0.14.3
Check: foreign function calls
Result: NOTE
    Warning in readLines(con) :
     URL ‘http://bioconductor.org/config.yaml’: Timeout of 60 seconds was reached
    See chapter ‘System and foreign language interfaces’ in the ‘Writing R
    Extensions’ manual.
Flavor: r-patched-linux-x86_64