CRAN Package Check Results for Package symbol.equation.gpt

Last updated on 2023-11-29 15:50:33 CET.

Flavor Version Tinstall Tcheck Ttotal Status Flags
r-devel-linux-x86_64-debian-clang 1.1.3 4.30 40.09 44.39 OK
r-devel-linux-x86_64-debian-gcc 1.1.3 2.93 31.09 34.02 OK
r-devel-linux-x86_64-fedora-clang 1.1.3 57.02 NOTE
r-devel-linux-x86_64-fedora-gcc 1.1.3 65.90 NOTE
r-devel-windows-x86_64 1.1.3 6.00 56.00 62.00 OK
r-patched-linux-x86_64 1.1.3 4.30 39.11 43.41 OK
r-release-linux-x86_64 1.1.3 2.68 39.02 41.70 OK
r-release-macos-arm64 1.1.3 29.00 OK
r-release-macos-x86_64 1.1.3 61.00 OK
r-release-windows-x86_64 1.1.3 7.00 59.00 66.00 OK
r-oldrel-macos-arm64 1.1.3 29.00 OK
r-oldrel-macos-x86_64 1.1.3 31.00 OK
r-oldrel-windows-x86_64 1.1.3 6.00 64.00 70.00 OK

Check Details

Version: 1.1.3
Check: dependencies in R code
Result: NOTE Namespaces in Imports field not imported from: ‘htmltools’ ‘markdown’ ‘nextGenShinyApps’ All declared Imports should be used. Flavors: r-devel-linux-x86_64-fedora-clang, r-devel-linux-x86_64-fedora-gcc