Last updated on 2023-03-31 16:54:03 CEST.
Flavor | Version | Tinstall | Tcheck | Ttotal | Status | Flags |
---|---|---|---|---|---|---|
r-devel-linux-x86_64-debian-clang | 1.3.5 | 27.41 | 30.10 | 57.51 | NOTE | |
r-devel-linux-x86_64-debian-gcc | 1.3.5 | 21.67 | 23.66 | 45.33 | NOTE | |
r-devel-linux-x86_64-fedora-clang | 1.3.5 | 89.19 | NOTE | |||
r-devel-linux-x86_64-fedora-gcc | 1.3.5 | 73.36 | NOTE | |||
r-patched-linux-x86_64 | 1.3.5 | 22.32 | 28.28 | 50.60 | NOTE | |
r-release-linux-x86_64 | 1.3.5 | 20.24 | 29.79 | 50.03 | OK | |
r-release-macos-arm64 | 1.3.5 | 26.00 | OK | |||
r-release-macos-x86_64 | 1.3.5 | 36.00 | OK | |||
r-release-windows-x86_64 | 1.3.5 | 114.00 | 82.00 | 196.00 | OK | |
r-oldrel-macos-arm64 | 1.3.5 | 31.00 | OK | |||
r-oldrel-macos-x86_64 | 1.3.5 | 49.00 | OK | |||
r-oldrel-windows-ix86+x86_64 | 1.3.5 | 81.00 | 84.00 | 165.00 | OK |
Version: 1.3.5
Check: C++ specification
Result: NOTE
Specified C++11: please drop specification unless essential
Flavors: r-devel-linux-x86_64-debian-clang, r-devel-linux-x86_64-debian-gcc, r-devel-linux-x86_64-fedora-clang, r-devel-linux-x86_64-fedora-gcc, r-patched-linux-x86_64
Version: 1.3.5
Check: top-level files
Result: NOTE
possible bashism in configure line 12 (echo -n):
echo -n " checking for Sun Studio compiler..."
possible bashism in configure line 22 (echo -n):
echo -n " checking for OS..."
Flavors: r-devel-linux-x86_64-fedora-clang, r-devel-linux-x86_64-fedora-gcc