CRAN Package Check Results for Package syntaxr

Last updated on 2021-10-16 13:04:13 CEST.

Flavor Version Tinstall Tcheck Ttotal Status Flags
r-devel-linux-x86_64-debian-clang 0.8.0 1.80 21.14 22.94 NOTE
r-devel-linux-x86_64-debian-gcc 0.8.0 1.46 16.83 18.29 NOTE
r-devel-linux-x86_64-fedora-clang 0.8.0 38.71 NOTE
r-devel-linux-x86_64-fedora-gcc 0.8.0 27.70 NOTE
r-devel-windows-x86_64 0.8.0 4.00 31.00 35.00 NOTE
r-devel-windows-x86_64-gcc10-UCRT 0.8.0 NOTE
r-patched-linux-x86_64 0.8.0 1.92 20.47 22.39 NOTE
r-patched-solaris-x86 0.8.0 47.60 NOTE
r-release-linux-x86_64 0.8.0 1.67 20.61 22.28 NOTE
r-release-macos-arm64 0.8.0 NOTE
r-release-macos-x86_64 0.8.0 NOTE
r-release-windows-ix86+x86_64 0.8.0 6.00 38.00 44.00 NOTE
r-oldrel-macos-x86_64 0.8.0 OK
r-oldrel-windows-ix86+x86_64 0.8.0 7.00 41.00 48.00 OK

Check Details

Version: 0.8.0
Check: LazyData
Result: NOTE
     'LazyData' is specified without a 'data' directory
Flavors: r-devel-linux-x86_64-debian-clang, r-devel-linux-x86_64-debian-gcc, r-devel-linux-x86_64-fedora-clang, r-devel-linux-x86_64-fedora-gcc, r-devel-windows-x86_64, r-devel-windows-x86_64-gcc10-UCRT, r-patched-linux-x86_64, r-patched-solaris-x86, r-release-linux-x86_64, r-release-macos-arm64, r-release-macos-x86_64, r-release-windows-ix86+x86_64