CRAN Package Check Results for Package systemfonts

Last updated on 2023-10-02 09:05:04 CEST.

Flavor Version Tinstall Tcheck Ttotal Status Flags
r-devel-linux-x86_64-debian-clang 1.0.4 40.85 32.82 73.67 NOTE
r-devel-linux-x86_64-debian-gcc 1.0.4 27.48 25.15 52.63 NOTE
r-devel-linux-x86_64-fedora-clang 1.0.4 120.93 NOTE
r-devel-linux-x86_64-fedora-gcc 1.0.4 124.29 NOTE
r-devel-windows-x86_64 1.0.4 50.00 81.00 131.00 NOTE
r-patched-linux-x86_64 1.0.4 46.40 31.43 77.83 NOTE
r-release-linux-x86_64 1.0.4 43.77 31.72 75.49 NOTE
r-release-macos-arm64 1.0.4 57.00 NOTE
r-release-macos-x86_64 1.0.4 70.00 NOTE
r-release-windows-x86_64 1.0.4 53.00 84.00 137.00 NOTE
r-oldrel-macos-arm64 1.0.4 40.00 NOTE
r-oldrel-macos-x86_64 1.0.4 50.00 NOTE
r-oldrel-windows-x86_64 1.0.4 56.00 76.00 132.00 OK

Check Details

Version: 1.0.4
Check: C++ specification
Result: NOTE
     Specified C++11: please drop specification unless essential
Flavors: r-devel-linux-x86_64-debian-clang, r-devel-linux-x86_64-debian-gcc, r-devel-linux-x86_64-fedora-clang, r-devel-linux-x86_64-fedora-gcc, r-devel-windows-x86_64, r-patched-linux-x86_64, r-release-linux-x86_64, r-release-macos-arm64, r-release-macos-x86_64, r-release-windows-x86_64

Version: 1.0.4
Check: installed package size
Result: NOTE
     installed size is 22.2Mb
     sub-directories of 1Mb or more:
     libs 22.0Mb
Flavors: r-release-macos-arm64, r-release-macos-x86_64, r-oldrel-macos-arm64, r-oldrel-macos-x86_64