Last updated on 2023-09-21 16:58:05 CEST.
Flavor | Version | Tinstall | Tcheck | Ttotal | Status | Flags |
---|---|---|---|---|---|---|
r-devel-linux-x86_64-debian-clang | 0.8.0 | 6.79 | 101.75 | 108.54 | OK | |
r-devel-linux-x86_64-debian-gcc | 0.8.0 | 6.64 | 76.27 | 82.91 | OK | |
r-devel-linux-x86_64-fedora-clang | 0.8.0 | 134.65 | NOTE | |||
r-devel-linux-x86_64-fedora-gcc | 0.8.0 | 141.75 | OK | |||
r-devel-windows-x86_64 | 0.8.0 | 9.00 | 109.00 | 118.00 | OK | |
r-patched-linux-x86_64 | 0.8.0 | 6.84 | 95.72 | 102.56 | OK | |
r-release-linux-x86_64 | 0.8.0 | 7.64 | 97.94 | 105.58 | OK | |
r-release-macos-arm64 | 0.8.0 | 63.00 | OK | |||
r-release-macos-x86_64 | 0.8.0 | 76.00 | NOTE | |||
r-release-windows-x86_64 | 0.8.0 | 10.00 | 132.00 | 142.00 | OK | |
r-oldrel-macos-arm64 | 0.8.0 | 48.00 | OK | |||
r-oldrel-macos-x86_64 | 0.8.0 | 72.00 | OK | |||
r-oldrel-windows-x86_64 | 0.8.0 | 10.00 | 115.00 | 125.00 | OK |
Version: 0.8.0
Check: Rd cross-references
Result: NOTE
Undeclared package ‘SIBER’ in Rd xrefs
Flavor: r-devel-linux-x86_64-fedora-clang
Version: 0.8.0
Check: Rd cross-references
Result: NOTE
Package unavailable to check Rd xrefs: ‘SIBER’
Flavor: r-release-macos-x86_64