CRAN Package Check Results for Package tablet

Last updated on 2021-10-26 09:09:42 CEST.

Flavor Version Tinstall Tcheck Ttotal Status Flags
r-devel-linux-x86_64-debian-clang 0.4.0 6.66 101.67 108.33 OK
r-devel-linux-x86_64-debian-gcc 0.4.0 5.28 74.89 80.17 OK
r-devel-linux-x86_64-fedora-clang 0.4.0 138.85 OK
r-devel-linux-x86_64-fedora-gcc 0.4.0 125.03 OK
r-devel-windows-x86_64 0.4.0 13.00 139.00 152.00 OK
r-devel-windows-x86_64-gcc10-UCRT 0.4.0 WARN
r-patched-linux-x86_64 0.4.0 7.01 96.16 103.17 OK
r-patched-solaris-x86 0.4.0 166.10 OK
r-release-linux-x86_64 0.4.0 6.71 96.56 103.27 OK
r-release-macos-arm64 0.4.0 OK
r-release-macos-x86_64 0.4.0 OK
r-release-windows-ix86+x86_64 0.4.0 12.00 141.00 153.00 OK
r-oldrel-macos-x86_64 0.4.0 OK
r-oldrel-windows-ix86+x86_64 0.4.0 18.00 141.00 159.00 OK

Check Details

Version: 0.4.0
Check: re-building of vignette outputs
Result: WARN
    Error(s) in re-building vignettes:
    --- re-building 'tablet-introduction-html.Rmd' using rmarkdown
    --- finished re-building 'tablet-introduction-html.Rmd'
    
    --- re-building 'tablet-introduction-pdf.Rmd' using rmarkdown
    ! LaTeX Error: File `tabu.sty' not found.
    
    ! Emergency stop.
    <read *>
    
    Error: processing vignette 'tablet-introduction-pdf.Rmd' failed with diagnostics:
    LaTeX failed to compile C:/r_packages/pkgcheck/CRAN/tablet/tablet.Rcheck/vign_test/tablet/vignettes/tablet-introduction-pdf.tex. See https://yihui.org/tinytex/r/#debugging for debugging tips. See tablet-introduction-pdf.log for more info.
    --- failed re-building 'tablet-introduction-pdf.Rmd'
    
    SUMMARY: processing the following file failed:
     'tablet-introduction-pdf.Rmd'
    
    Error: Vignette re-building failed.
    Execution halted
Flavor: r-devel-windows-x86_64-gcc10-UCRT