CRAN Package Check Results for Package tabulog

Last updated on 2023-05-28 04:56:28 CEST.

Flavor Version Tinstall Tcheck Ttotal Status Flags
r-devel-linux-x86_64-debian-clang 0.1.1 1.95 22.78 24.73 NOTE
r-devel-linux-x86_64-debian-gcc 0.1.1 1.73 17.96 19.69 NOTE
r-devel-linux-x86_64-fedora-clang 0.1.1 33.11 NOTE
r-devel-linux-x86_64-fedora-gcc 0.1.1 45.03 NOTE
r-devel-windows-x86_64 0.1.1 3.00 42.00 45.00 NOTE
r-patched-linux-x86_64 0.1.1 2.36 22.27 24.63 NOTE
r-release-linux-x86_64 0.1.1 1.77 22.43 24.20 NOTE
r-release-macos-arm64 0.1.1 23.00 NOTE
r-release-macos-x86_64 0.1.1 31.00 NOTE
r-release-windows-x86_64 0.1.1 4.00 43.00 47.00 NOTE
r-oldrel-macos-arm64 0.1.1 15.00 NOTE
r-oldrel-macos-x86_64 0.1.1 23.00 NOTE
r-oldrel-windows-x86_64 0.1.1 4.00 45.00 49.00 NOTE

Check Details

Version: 0.1.1
Check: LazyData
Result: NOTE
     'LazyData' is specified without a 'data' directory
Flavors: r-devel-linux-x86_64-debian-clang, r-devel-linux-x86_64-debian-gcc, r-devel-linux-x86_64-fedora-clang, r-devel-linux-x86_64-fedora-gcc, r-devel-windows-x86_64, r-patched-linux-x86_64, r-release-linux-x86_64, r-release-macos-arm64, r-release-macos-x86_64, r-release-windows-x86_64, r-oldrel-macos-arm64, r-oldrel-macos-x86_64, r-oldrel-windows-x86_64