Last updated on 2023-10-01 12:58:52 CEST.
Flavor | Version | Tinstall | Tcheck | Ttotal | Status | Flags |
---|---|---|---|---|---|---|
r-devel-linux-x86_64-debian-clang | 0.2.0 | 8.35 | 70.77 | 79.12 | NOTE | |
r-devel-linux-x86_64-debian-gcc | 0.2.0 | 5.45 | 51.71 | 57.16 | NOTE | |
r-devel-linux-x86_64-fedora-clang | 0.2.0 | 95.57 | NOTE | |||
r-devel-linux-x86_64-fedora-gcc | 0.2.0 | 95.62 | NOTE | |||
r-devel-windows-x86_64 | 0.2.0 | 8.00 | 79.00 | 87.00 | NOTE | |
r-patched-linux-x86_64 | 0.2.0 | 8.44 | 64.63 | 73.07 | NOTE | |
r-release-linux-x86_64 | 0.2.0 | 5.14 | 65.63 | 70.77 | NOTE | |
r-release-macos-arm64 | 0.2.0 | 33.00 | NOTE | |||
r-release-macos-x86_64 | 0.2.0 | 47.00 | NOTE | |||
r-release-windows-x86_64 | 0.2.0 | 11.00 | 89.00 | 100.00 | NOTE | |
r-oldrel-macos-arm64 | 0.2.0 | 31.00 | NOTE | |||
r-oldrel-macos-x86_64 | 0.2.0 | 62.00 | NOTE | |||
r-oldrel-windows-x86_64 | 0.2.0 | 11.00 | 86.00 | 97.00 | NOTE |
Version: 0.2.0
Check: LazyData
Result: NOTE
'LazyData' is specified without a 'data' directory
Flavors: r-devel-linux-x86_64-debian-clang, r-devel-linux-x86_64-debian-gcc, r-devel-linux-x86_64-fedora-clang, r-devel-linux-x86_64-fedora-gcc, r-devel-windows-x86_64, r-patched-linux-x86_64, r-release-linux-x86_64, r-release-macos-arm64, r-release-macos-x86_64, r-release-windows-x86_64, r-oldrel-macos-arm64, r-oldrel-macos-x86_64, r-oldrel-windows-x86_64
Version: 0.2.0
Check: dependencies in R code
Result: NOTE
Namespaces in Imports field not imported from:
‘MASS’ ‘devEMF’ ‘segmented’ ‘smoother’ ‘tools’
All declared Imports should be used.
Flavors: r-devel-linux-x86_64-fedora-clang, r-devel-linux-x86_64-fedora-gcc, r-oldrel-macos-arm64, r-oldrel-macos-x86_64