Last updated on 2023-03-29 00:57:22 CEST.
Flavor | Version | Tinstall | Tcheck | Ttotal | Status | Flags |
---|---|---|---|---|---|---|
r-devel-linux-x86_64-debian-clang | 0.3 | 194.06 | 160.34 | 354.40 | NOTE | |
r-devel-linux-x86_64-debian-gcc | 0.3 | 157.67 | 145.71 | 303.38 | NOTE | |
r-devel-linux-x86_64-fedora-clang | 0.3 | 444.68 | NOTE | |||
r-devel-linux-x86_64-fedora-gcc | 0.3 | 393.38 | NOTE | |||
r-patched-linux-x86_64 | 0.3 | 166.08 | 149.54 | 315.62 | NOTE | |
r-release-linux-x86_64 | 0.3 | 165.63 | 152.10 | 317.73 | OK | |
r-release-macos-arm64 | 0.3 | 118.00 | NOTE | |||
r-release-macos-x86_64 | 0.3 | 137.00 | NOTE | |||
r-release-windows-x86_64 | 0.3 | 172.00 | 199.00 | 371.00 | OK | |
r-oldrel-macos-arm64 | 0.3 | 107.00 | NOTE | |||
r-oldrel-macos-x86_64 | 0.3 | 140.00 | NOTE | |||
r-oldrel-windows-ix86+x86_64 | 0.3 | 450.00 | 242.00 | 692.00 | OK |
Version: 0.3
Check: C++ specification
Result: NOTE
Specified C++11: please drop specification unless essential
Flavors: r-devel-linux-x86_64-debian-clang, r-devel-linux-x86_64-debian-gcc, r-devel-linux-x86_64-fedora-clang, r-devel-linux-x86_64-fedora-gcc, r-patched-linux-x86_64
Version: 0.3
Check: installed package size
Result: NOTE
installed size is 12.1Mb
sub-directories of 1Mb or more:
libs 10.9Mb
Flavors: r-release-macos-arm64, r-release-macos-x86_64, r-oldrel-macos-arm64, r-oldrel-macos-x86_64