CRAN Package Check Results for Package taxlist

Last updated on 2021-10-17 01:51:21 CEST.

Flavor Version Tinstall Tcheck Ttotal Status Flags
r-devel-linux-x86_64-debian-clang 0.2.2 8.27 70.24 78.51 OK
r-devel-linux-x86_64-debian-gcc 0.2.2 6.23 52.75 58.98 OK
r-devel-linux-x86_64-fedora-clang 0.2.2 103.87 NOTE
r-devel-linux-x86_64-fedora-gcc 0.2.2 89.89 NOTE
r-devel-windows-x86_64 0.2.2 21.00 79.00 100.00 OK
r-devel-windows-x86_64-gcc10-UCRT 0.2.2 NOTE
r-patched-linux-x86_64 0.2.2 15.22 64.34 79.56 OK
r-patched-solaris-x86 0.2.2 130.40 NOTE
r-release-linux-x86_64 0.2.2 7.56 64.81 72.37 OK
r-release-macos-arm64 0.2.2 NOTE
r-release-macos-x86_64 0.2.2 NOTE
r-release-windows-ix86+x86_64 0.2.2 21.00 93.00 114.00 OK
r-oldrel-macos-x86_64 0.2.2 NOTE
r-oldrel-windows-ix86+x86_64 0.2.2 20.00 96.00 116.00 OK

Check Details

Version: 0.2.2
Check: dependencies in R code
Result: NOTE
    Namespace in Imports field not imported from: ‘taxa’
     All declared Imports should be used.
Flavors: r-devel-linux-x86_64-fedora-clang, r-devel-linux-x86_64-fedora-gcc, r-devel-windows-x86_64-gcc10-UCRT, r-patched-solaris-x86, r-release-macos-arm64, r-release-macos-x86_64, r-oldrel-macos-x86_64

Version: 0.2.2
Check: data for non-ASCII characters
Result: NOTE
     Note: found 137 marked UTF-8 strings
Flavors: r-devel-linux-x86_64-fedora-clang, r-devel-linux-x86_64-fedora-gcc, r-devel-windows-x86_64-gcc10-UCRT, r-patched-solaris-x86, r-release-macos-arm64, r-release-macos-x86_64, r-oldrel-macos-x86_64