CRAN Package Check Results for Package taxotools

Last updated on 2024-03-02 19:50:32 CET.

Flavor Version Tinstall Tcheck Ttotal Status Flags
r-devel-linux-x86_64-debian-clang 0.0.132 10.12 80.33 90.45 NOTE
r-devel-linux-x86_64-debian-gcc 0.0.132 9.08 59.10 68.18 NOTE
r-devel-linux-x86_64-fedora-clang 0.0.132 113.53 NOTE
r-devel-linux-x86_64-fedora-gcc 0.0.132 106.52 NOTE
r-devel-windows-x86_64 0.0.132 12.00 82.00 94.00 OK
r-patched-linux-x86_64 0.0.132 14.91 77.79 92.70 OK
r-release-linux-x86_64 0.0.132 8.80 76.28 85.08 OK
r-release-macos-arm64 0.0.132 34.00 OK
r-release-macos-x86_64 0.0.132 51.00 OK
r-release-windows-x86_64 0.0.132 15.00 92.00 107.00 OK
r-oldrel-macos-arm64 0.0.132 31.00 OK
r-oldrel-windows-x86_64 0.0.132 15.00 94.00 109.00 OK

Additional issues

donttest

Check Details

Version: 0.0.132
Check: Rd files
Result: NOTE checkRd: (-1) get_accepted_names.Rd:88: Lost braces in \itemize; meant \describe ? checkRd: (-1) get_accepted_names.Rd:89: Lost braces in \itemize; meant \describe ? checkRd: (-1) get_accepted_names.Rd:90: Lost braces in \itemize; meant \describe ? checkRd: (-1) get_accepted_names.Rd:91: Lost braces in \itemize; meant \describe ? checkRd: (-1) get_accepted_names.Rd:92: Lost braces in \itemize; meant \describe ? checkRd: (-1) get_accepted_names.Rd:93: Lost braces in \itemize; meant \describe ? checkRd: (-1) get_accepted_names.Rd:94: Lost braces in \itemize; meant \describe ? checkRd: (-1) get_accepted_names.Rd:95: Lost braces in \itemize; meant \describe ? checkRd: (-1) get_accepted_names.Rd:96: Lost braces in \itemize; meant \describe ? checkRd: (-1) get_accepted_names.Rd:97: Lost braces in \itemize; meant \describe ? checkRd: (-1) get_accepted_names.Rd:77: Lost braces in \itemize; \value handles \item{}{} directly checkRd: (-1) get_accepted_names.Rd:78-79: Lost braces in \itemize; \value handles \item{}{} directly checkRd: (-1) guess_taxo_rank.Rd:13: Lost braces in \itemize; \value handles \item{}{} directly checkRd: (-1) guess_taxo_rank.Rd:13-14: Lost braces in \itemize; \value handles \item{}{} directly checkRd: (-1) guess_taxo_rank.Rd:14: Lost braces in \itemize; \value handles \item{}{} directly checkRd: (-1) guess_taxo_rank.Rd:14-15: Lost braces in \itemize; \value handles \item{}{} directly checkRd: (-1) list_higher_taxo.Rd:28-29: Lost braces in \itemize; \value handles \item{}{} directly checkRd: (-1) list_higher_taxo.Rd:29: Lost braces in \itemize; \value handles \item{}{} directly checkRd: (-1) list_higher_taxo.Rd:30: Lost braces in \itemize; \value handles \item{}{} directly checkRd: (-1) list_higher_taxo.Rd:30-31: Lost braces in \itemize; \value handles \item{}{} directly checkRd: (-1) list_higher_taxo.Rd:31: Lost braces in \itemize; \value handles \item{}{} directly checkRd: (-1) list_wiki_syn.Rd:17: Lost braces in \itemize; \value handles \item{}{} directly checkRd: (-1) list_wiki_syn.Rd:18: Lost braces in \itemize; \value handles \item{}{} directly checkRd: (-1) list_wiki_syn.Rd:19: Lost braces in \itemize; \value handles \item{}{} directly checkRd: (-1) list_wiki_syn.Rd:20: Lost braces in \itemize; \value handles \item{}{} directly checkRd: (-1) merge_lists.Rd:34: Lost braces in \itemize; meant \describe ? checkRd: (-1) merge_lists.Rd:35: Lost braces in \itemize; meant \describe ? checkRd: (-1) merge_lists.Rd:36-37: Lost braces in \itemize; meant \describe ? checkRd: (-1) merge_lists.Rd:37-38: Lost braces in \itemize; meant \describe ? checkRd: (-1) merge_lists.Rd:39-40: Lost braces in \itemize; meant \describe ? checkRd: (-1) merge_lists.Rd:40-41: Lost braces in \itemize; meant \describe ? checkRd: (-1) merge_lists.Rd:21: Lost braces in \itemize; \value handles \item{}{} directly checkRd: (-1) merge_lists.Rd:22-23: Lost braces in \itemize; \value handles \item{}{} directly checkRd: (-1) merge_lists.Rd:23-24: Lost braces in \itemize; \value handles \item{}{} directly checkRd: (-1) merge_lists.Rd:24-25: Lost braces in \itemize; \value handles \item{}{} directly Flavors: r-devel-linux-x86_64-debian-clang, r-devel-linux-x86_64-debian-gcc, r-devel-linux-x86_64-fedora-clang, r-devel-linux-x86_64-fedora-gcc