Last updated on 2023-05-28 04:56:28 CEST.
Flavor | Version | Tinstall | Tcheck | Ttotal | Status | Flags |
---|---|---|---|---|---|---|
r-devel-linux-x86_64-debian-clang | 0.1.0 | 7.68 | 77.37 | 85.05 | NOTE | |
r-devel-linux-x86_64-debian-gcc | 0.1.0 | 7.08 | 56.74 | 63.82 | NOTE | |
r-devel-linux-x86_64-fedora-clang | 0.1.0 | 107.38 | NOTE | |||
r-devel-linux-x86_64-fedora-gcc | 0.1.0 | 98.21 | NOTE | |||
r-devel-windows-x86_64 | 0.1.0 | 8.00 | 71.00 | 79.00 | NOTE | |
r-patched-linux-x86_64 | 0.1.0 | 8.21 | 70.27 | 78.48 | NOTE | |
r-release-linux-x86_64 | 0.1.0 | 9.03 | 69.94 | 78.97 | NOTE | |
r-release-macos-arm64 | 0.1.0 | 31.00 | NOTE | |||
r-release-macos-x86_64 | 0.1.0 | 51.00 | NOTE | |||
r-release-windows-x86_64 | 0.1.0 | 10.00 | 83.00 | 93.00 | NOTE | |
r-oldrel-macos-arm64 | 0.1.0 | 32.00 | NOTE | |||
r-oldrel-macos-x86_64 | 0.1.0 | 41.00 | NOTE | |||
r-oldrel-windows-x86_64 | 0.1.0 | 11.00 | 85.00 | 96.00 | NOTE |
Version: 0.1.0
Check: LazyData
Result: NOTE
'LazyData' is specified without a 'data' directory
Flavors: r-devel-linux-x86_64-debian-clang, r-devel-linux-x86_64-debian-gcc, r-devel-linux-x86_64-fedora-clang, r-devel-linux-x86_64-fedora-gcc, r-devel-windows-x86_64, r-patched-linux-x86_64, r-release-linux-x86_64, r-release-macos-arm64, r-release-macos-x86_64, r-release-windows-x86_64, r-oldrel-macos-arm64, r-oldrel-macos-x86_64, r-oldrel-windows-x86_64