CRAN Package Check Results for Package tcltk2

Last updated on 2021-12-08 19:51:52 CET.

Flavor Version Tinstall Tcheck Ttotal Status Flags
r-devel-linux-x86_64-debian-clang 1.2-11 7.33 46.87 54.20 NOTE
r-devel-linux-x86_64-debian-gcc 1.2-11 5.25 38.48 43.73 NOTE
r-devel-linux-x86_64-fedora-clang 1.2-11 69.71 NOTE
r-devel-linux-x86_64-fedora-gcc 1.2-11 57.22 NOTE
r-devel-windows-x86_64-new-UL 1.2-11 35.00 91.00 126.00 NOTE
r-devel-windows-x86_64-new-TK 1.2-11 NOTE
r-devel-windows-x86_64-old 1.2-11 11.00 38.00 49.00 NOTE
r-patched-linux-x86_64 1.2-11 7.28 47.44 54.72 NOTE
r-release-linux-x86_64 1.2-11 6.21 47.08 53.29 NOTE
r-release-macos-arm64 1.2-11 NOTE
r-release-macos-x86_64 1.2-11 NOTE
r-release-windows-ix86+x86_64 1.2-11 12.00 38.00 50.00 NOTE
r-oldrel-macos-x86_64 1.2-11 NOTE
r-oldrel-windows-ix86+x86_64 1.2-11 8.00 39.00 47.00 NOTE

Check Details

Version: 1.2-11
Check: DESCRIPTION meta-information
Result: NOTE
    Malformed Description field: should contain one or more complete sentences.
Flavors: r-devel-linux-x86_64-debian-clang, r-devel-linux-x86_64-debian-gcc, r-devel-linux-x86_64-fedora-clang, r-devel-linux-x86_64-fedora-gcc, r-devel-windows-x86_64-new-UL, r-devel-windows-x86_64-new-TK, r-devel-windows-x86_64-old, r-patched-linux-x86_64, r-release-linux-x86_64, r-release-macos-arm64, r-release-macos-x86_64, r-release-windows-ix86+x86_64, r-oldrel-macos-x86_64, r-oldrel-windows-ix86+x86_64

Version: 1.2-11
Check: installed package size
Result: NOTE
     installed size is 5.2Mb
     sub-directories of 1Mb or more:
     tklibs 4.9Mb
Flavors: r-devel-linux-x86_64-fedora-clang, r-release-macos-arm64, r-release-macos-x86_64, r-oldrel-macos-x86_64