CRAN Package Check Results for Package tclust

Last updated on 2021-09-23 12:58:13 CEST.

Flavor Version Tinstall Tcheck Ttotal Status Flags
r-devel-linux-x86_64-debian-clang 1.4-2 17.56 75.72 93.28 OK
r-devel-linux-x86_64-debian-gcc 1.4-2 13.10 58.63 71.73 OK
r-devel-linux-x86_64-fedora-clang 1.4-2 123.18 OK
r-devel-linux-x86_64-fedora-gcc 1.4-2 114.12 OK
r-devel-windows-x86_64 1.4-2 22.00 93.00 115.00 OK
r-devel-windows-x86_64-gcc10-UCRT 1.4-2 ERROR
r-patched-linux-x86_64 1.4-2 15.33 75.25 90.58 OK
r-patched-solaris-x86 1.4-2 171.20 OK
r-release-linux-x86_64 1.4-2 15.67 75.21 90.88 OK
r-release-macos-arm64 1.4-2 OK
r-release-macos-x86_64 1.4-2 OK
r-release-windows-ix86+x86_64 1.4-2 42.00 114.00 156.00 OK
r-oldrel-macos-x86_64 1.4-2 OK
r-oldrel-windows-ix86+x86_64 1.4-2 38.00 113.00 151.00 OK

Check Details

Version: 1.4-2
Check: whether package can be installed
Result: ERROR
    Installation failed.
Flavor: r-devel-windows-x86_64-gcc10-UCRT