CRAN Package Check Results for Package teigen

Last updated on 2021-09-21 04:55:41 CEST.

Flavor Version Tinstall Tcheck Ttotal Status Flags
r-devel-linux-x86_64-debian-clang 2.2.2 7.00 39.49 46.49 OK
r-devel-linux-x86_64-debian-gcc 2.2.2 4.32 29.71 34.03 OK
r-devel-linux-x86_64-fedora-clang 2.2.2 62.96 OK
r-devel-linux-x86_64-fedora-gcc 2.2.2 52.10 OK
r-devel-windows-x86_64 2.2.2 8.00 41.00 49.00 OK
r-devel-windows-x86_64-gcc10-UCRT 2.2.2 ERROR
r-patched-linux-x86_64 2.2.2 5.46 38.11 43.57 OK
r-patched-solaris-x86 2.2.2 78.80 OK
r-release-linux-x86_64 2.2.2 4.76 37.72 42.48 OK
r-release-macos-arm64 2.2.2 OK
r-release-macos-x86_64 2.2.2 OK
r-release-windows-ix86+x86_64 2.2.2 14.00 50.00 64.00 OK
r-oldrel-macos-x86_64 2.2.2 OK
r-oldrel-windows-ix86+x86_64 2.2.2 13.00 53.00 66.00 OK

Check Details

Version: 2.2.2
Check: whether package can be installed
Result: ERROR
    Installation failed.
Flavor: r-devel-windows-x86_64-gcc10-UCRT