Last updated on 2023-03-29 16:50:29 CEST.
Flavor | Version | Tinstall | Tcheck | Ttotal | Status | Flags |
---|---|---|---|---|---|---|
r-devel-linux-x86_64-debian-clang | 0.3.8 | 53.19 | 189.61 | 242.80 | OK | |
r-devel-linux-x86_64-debian-gcc | 0.3.8 | 38.51 | 139.50 | 178.01 | OK | |
r-devel-linux-x86_64-fedora-clang | 0.3.8 | 306.31 | OK | |||
r-devel-linux-x86_64-fedora-gcc | 0.3.8 | 285.44 | OK | |||
r-patched-linux-x86_64 | 0.3.8 | 42.50 | 173.62 | 216.12 | OK | |
r-release-linux-x86_64 | 0.3.8 | 36.61 | 174.04 | 210.65 | OK | |
r-release-macos-arm64 | 0.3.8 | 71.00 | OK | |||
r-release-macos-x86_64 | 0.3.8 | 134.00 | OK | |||
r-release-windows-x86_64 | 0.3.8 | 73.00 | 238.00 | 311.00 | OK | |
r-oldrel-macos-arm64 | 0.3.8 | 85.00 | OK | |||
r-oldrel-macos-x86_64 | 0.3.8 | 103.00 | OK | |||
r-oldrel-windows-ix86+x86_64 | 0.3.8 | 120.00 | 322.00 | 442.00 | NOTE |
Version: 0.3.8
Check: R code for possible problems
Result: NOTE
Initiating curl with CURL_SSL_BACKEND: openssl
Flavor: r-oldrel-windows-ix86+x86_64