CRAN Package Check Results for Package tensr

Last updated on 2021-11-29 15:51:28 CET.

Flavor Version Tinstall Tcheck Ttotal Status Flags
r-devel-linux-x86_64-debian-clang 1.0.1 3.78 214.10 217.88 NOTE
r-devel-linux-x86_64-debian-gcc 1.0.1 3.04 152.05 155.09 NOTE
r-devel-linux-x86_64-fedora-clang 1.0.1 287.88 NOTE
r-devel-linux-x86_64-fedora-gcc 1.0.1 248.59 NOTE
r-devel-windows-x86_64-new-UL 1.0.1 13.00 262.00 275.00 NOTE
r-devel-windows-x86_64-new-TK 1.0.1 NOTE
r-devel-windows-x86_64-old 1.0.1 7.00 209.00 216.00 NOTE
r-patched-linux-x86_64 1.0.1 4.38 204.01 208.39 NOTE
r-patched-solaris-x86 1.0.1 91.20 NOTE
r-release-linux-x86_64 1.0.1 3.32 205.29 208.61 NOTE
r-release-macos-arm64 1.0.1 NOTE
r-release-macos-x86_64 1.0.1 NOTE
r-release-windows-ix86+x86_64 1.0.1 8.00 192.00 200.00 NOTE
r-oldrel-macos-x86_64 1.0.1 OK
r-oldrel-windows-ix86+x86_64 1.0.1 6.00 260.00 266.00 OK

Check Details

Version: 1.0.1
Check: LazyData
Result: NOTE
     'LazyData' is specified without a 'data' directory
Flavors: r-devel-linux-x86_64-debian-clang, r-devel-linux-x86_64-debian-gcc, r-devel-linux-x86_64-fedora-clang, r-devel-linux-x86_64-fedora-gcc, r-devel-windows-x86_64-new-UL, r-devel-windows-x86_64-new-TK, r-devel-windows-x86_64-old, r-patched-linux-x86_64, r-patched-solaris-x86, r-release-linux-x86_64, r-release-macos-arm64, r-release-macos-x86_64, r-release-windows-ix86+x86_64