Last updated on 2023-06-04 01:54:16 CEST.
Flavor | Version | Tinstall | Tcheck | Ttotal | Status | Flags |
---|---|---|---|---|---|---|
r-devel-linux-x86_64-debian-clang | 1.7-29 | 645.65 | 430.67 | 1076.32 | OK | |
r-devel-linux-x86_64-debian-gcc | 1.7-29 | 545.87 | 317.96 | 863.83 | OK | |
r-devel-linux-x86_64-fedora-clang | 1.7-29 | 1572.37 | NOTE | |||
r-devel-linux-x86_64-fedora-gcc | 1.7-29 | 1586.81 | OK | |||
r-devel-windows-x86_64 | 1.7-29 | 491.00 | 832.00 | 1323.00 | NOTE | |
r-patched-linux-x86_64 | 1.7-29 | OK | ||||
r-release-linux-x86_64 | 1.7-29 | 592.01 | 409.37 | 1001.38 | OK | |
r-release-macos-arm64 | 1.7-29 | 410.00 | NOTE | |||
r-release-macos-x86_64 | 1.7-23 | 588.00 | FAIL | |||
r-release-windows-x86_64 | 1.7-29 | 646.00 | 1086.00 | 1732.00 | NOTE | |
r-oldrel-macos-arm64 | 1.7-29 | 395.00 | NOTE | |||
r-oldrel-macos-x86_64 | 1.7-29 | 449.00 | NOTE | |||
r-oldrel-windows-x86_64 | 1.7-29 | 644.00 | 930.00 | 1574.00 | NOTE |
Version: 1.7-29
Check: installed package size
Result: NOTE
installed size is 9.8Mb
sub-directories of 1Mb or more:
R 2.2Mb
libs 6.3Mb
Flavors: r-devel-linux-x86_64-fedora-clang, r-devel-windows-x86_64, r-release-macos-arm64, r-release-windows-x86_64, r-oldrel-macos-arm64, r-oldrel-macos-x86_64, r-oldrel-windows-x86_64
Version: 1.7-29
Check: package dependencies
Result: FAIL
Flavor: r-release-macos-x86_64