Last updated on 2023-11-30 11:49:44 CET.
Flavor | Version | Tinstall | Tcheck | Ttotal | Status | Flags |
---|---|---|---|---|---|---|
r-devel-linux-x86_64-debian-clang | 1.7-55 | 628.16 | 447.59 | 1075.75 | WARN | |
r-devel-linux-x86_64-debian-gcc | 1.7-55 | 528.35 | 334.26 | 862.61 | OK | |
r-devel-linux-x86_64-fedora-clang | 1.7-55 | 1623.36 | WARN | |||
r-devel-linux-x86_64-fedora-gcc | 1.7-55 | 1432.34 | OK | |||
r-devel-windows-x86_64 | 1.7-55 | 517.00 | 845.00 | 1362.00 | NOTE | |
r-patched-linux-x86_64 | 1.7-55 | 606.94 | 434.26 | 1041.20 | OK | |
r-release-linux-x86_64 | 1.7-55 | 618.29 | 426.09 | 1044.38 | OK | |
r-release-macos-arm64 | 1.7-55 | 350.00 | NOTE | |||
r-release-macos-x86_64 | 1.7-55 | 690.00 | NOTE | |||
r-release-windows-x86_64 | 1.7-55 | 680.00 | 1152.00 | 1832.00 | NOTE | |
r-oldrel-macos-arm64 | 1.7-55 | 350.00 | NOTE | |||
r-oldrel-macos-x86_64 | 1.7-55 | 902.00 | NOTE | |||
r-oldrel-windows-x86_64 | 1.7-55 | 692.00 | 942.00 | 1634.00 | NOTE |
Version: 1.7-55
Check: whether package can be installed
Result: WARN
Found the following significant warnings:
RcppFunctions.cpp:298:32: warning: format string is not a string literal (potentially insecure) [-Wformat-security]
./geos_spat.h:80:32: warning: format string is not a string literal (potentially insecure) [-Wformat-security]
See ‘/home/hornik/tmp/R.check/r-devel-clang/Work/PKGS/terra.Rcheck/00install.out’ for details.
* used C compiler: ‘Debian clang version 17.0.5 (1)’
* used C++ compiler: ‘Debian clang version 17.0.5 (1)’
Flavor: r-devel-linux-x86_64-debian-clang
Version: 1.7-55
Check: whether package can be installed
Result: WARN
Found the following significant warnings:
RcppFunctions.cpp:298:32: warning: format string is not a string literal (potentially insecure) [-Wformat-security]
./geos_spat.h:80:32: warning: format string is not a string literal (potentially insecure) [-Wformat-security]
See ‘/data/gannet/ripley/R/packages/tests-clang/terra.Rcheck/00install.out’ for details.
* used C compiler: ‘clang version 17.0.5’
* used C++ compiler: ‘clang version 17.0.5’
Flavor: r-devel-linux-x86_64-fedora-clang
Version: 1.7-55
Check: installed package size
Result: NOTE
installed size is 10.0Mb
sub-directories of 1Mb or more:
R 2.2Mb
libs 6.4Mb
Flavors: r-devel-linux-x86_64-fedora-clang, r-devel-windows-x86_64, r-release-macos-arm64, r-release-macos-x86_64, r-release-windows-x86_64, r-oldrel-macos-arm64, r-oldrel-macos-x86_64, r-oldrel-windows-x86_64