Last updated on 2023-05-31 01:03:33 CEST.
Flavor | Version | Tinstall | Tcheck | Ttotal | Status | Flags |
---|---|---|---|---|---|---|
r-devel-linux-x86_64-debian-clang | 0.9.99.2 | 22.83 | 205.34 | 228.17 | OK | |
r-devel-linux-x86_64-debian-gcc | 0.9.99.2 | 19.31 | 150.50 | 169.81 | OK | |
r-devel-linux-x86_64-fedora-clang | 0.9.99.2 | 294.07 | NOTE | |||
r-devel-linux-x86_64-fedora-gcc | 0.9.99.2 | 276.69 | NOTE | |||
r-devel-windows-x86_64 | 0.9.99.2 | 21.00 | 181.00 | 202.00 | OK | |
r-patched-linux-x86_64 | 0.9.99.2 | 17.08 | 191.88 | 208.96 | OK | |
r-release-linux-x86_64 | 0.9.99.2 | 15.36 | 190.49 | 205.85 | OK | |
r-release-macos-arm64 | 0.9.99.2 | 94.00 | OK | |||
r-release-macos-x86_64 | 0.9.99.2 | 150.00 | OK | |||
r-release-windows-x86_64 | 0.9.99.2 | 28.00 | 217.00 | 245.00 | OK | |
r-oldrel-macos-arm64 | 0.9.99.2 | 84.00 | NOTE | |||
r-oldrel-macos-x86_64 | 0.9.99.2 | 103.00 | NOTE | |||
r-oldrel-windows-x86_64 | 0.9.99.2 | 28.00 | 199.00 | 227.00 | OK |
Version: 0.9.99.2
Check: data for non-ASCII characters
Result: NOTE
Note: found 3 marked UTF-8 strings
Flavors: r-devel-linux-x86_64-fedora-clang, r-devel-linux-x86_64-fedora-gcc, r-oldrel-macos-arm64, r-oldrel-macos-x86_64