CRAN Package Check Results for Package text2map

Last updated on 2021-11-28 07:50:58 CET.

Flavor Version Tinstall Tcheck Ttotal Status Flags
r-devel-linux-x86_64-debian-clang 0.1.1 OK
r-devel-linux-x86_64-debian-gcc 0.1.1 14.63 117.06 131.69 OK
r-devel-linux-x86_64-fedora-clang 0.1.1 239.24 NOTE
r-devel-linux-x86_64-fedora-gcc 0.1.1 195.05 NOTE
r-devel-windows-x86_64-new-UL 0.1.1 33.00 260.00 293.00 OK
r-devel-windows-x86_64-new-TK 0.1.1 NOTE
r-devel-windows-x86_64-old 0.1.1 23.00 259.00 282.00 OK
r-patched-linux-x86_64 0.1.1 16.30 145.68 161.98 OK
r-patched-solaris-x86 0.1.1 6.20 ERROR
r-release-linux-x86_64 0.1.1 14.68 147.33 162.01 OK
r-release-macos-arm64 0.1.1 NOTE
r-release-macos-x86_64 0.1.1 NOTE
r-release-windows-ix86+x86_64 0.1.1 40.00 181.00 221.00 OK
r-oldrel-macos-x86_64 0.1.1 WARN
r-oldrel-windows-ix86+x86_64 0.1.1 40.00 263.00 303.00 WARN

Check Details

Version: 0.1.1
Check: data for non-ASCII characters
Result: NOTE
     Note: found 3 marked UTF-8 strings
Flavors: r-devel-linux-x86_64-fedora-clang, r-devel-linux-x86_64-fedora-gcc, r-devel-windows-x86_64-new-TK, r-release-macos-arm64, r-release-macos-x86_64, r-oldrel-macos-x86_64

Version: 0.1.1
Check: package dependencies
Result: ERROR
    Package required but not available: ‘mlpack’
    
    See section ‘The DESCRIPTION file’ in the ‘Writing R Extensions’
    manual.
Flavor: r-patched-solaris-x86

Version: 0.1.1
Check: for unstated dependencies in examples
Result: WARN
    Warning: parse error in file 'lines':
    19: unexpected '>'
    136: ## No test:
    137: dtm <- my.corpus |>
     ^
Flavor: r-oldrel-macos-x86_64

Version: 0.1.1
Check: for unstated dependencies in examples
Result: WARN
    Warning: parse error in file 'lines':
    19: unexpected '>'
    137: ## No test:
    138: dtm <- my.corpus |>
     ^
Flavor: r-oldrel-windows-ix86+x86_64