CRAN Package Check Results for Package text2sdg

Last updated on 2023-06-05 08:53:43 CEST.

Flavor Version Tinstall Tcheck Ttotal Status Flags
r-devel-linux-x86_64-debian-clang 1.1.1 10.01 457.60 467.61 OK
r-devel-linux-x86_64-debian-gcc 1.1.1 7.28 301.03 308.31 OK
r-devel-linux-x86_64-fedora-clang 512.29 NOTE
r-devel-linux-x86_64-fedora-gcc 1.1.1 463.75 NOTE
r-devel-windows-x86_64 1.1.1 11.00 230.00 241.00 OK
r-patched-linux-x86_64 1.1.1 16.31 378.79 395.10 OK
r-release-linux-x86_64 1.1.1 6.64 367.89 374.53 OK
r-release-macos-arm64 1.1.1 129.00 OK
r-release-macos-x86_64 1.1.1 247.00 OK
r-release-windows-x86_64 1.1.1 15.00 300.00 315.00 OK
r-oldrel-macos-arm64 1.1.1 88.00 OK
r-oldrel-macos-x86_64 1.1.1 149.00 OK
r-oldrel-windows-x86_64 1.1.1 14.00 305.00 319.00 OK

Check Details

Version: 1.1.1
Check: data for non-ASCII characters
Result: NOTE
     Note: found 37 marked UTF-8 strings
Flavors: r-devel-linux-x86_64-fedora-clang, r-devel-linux-x86_64-fedora-gcc