Last updated on 2023-09-27 21:01:37 CEST.
Flavor | Version | Tinstall | Tcheck | Ttotal | Status | Flags |
---|---|---|---|---|---|---|
r-devel-linux-x86_64-debian-clang | 0.1.1 | 17.84 | 31.37 | 49.21 | OK | |
r-devel-linux-x86_64-debian-gcc | 0.1.1 | 14.99 | 25.79 | 40.78 | OK | |
r-devel-linux-x86_64-fedora-clang | 0.1.1 | 64.39 | NOTE | |||
r-devel-linux-x86_64-fedora-gcc | 0.1.1 | 65.85 | OK | |||
r-devel-windows-x86_64 | 0.1.1 | 13.00 | 42.00 | 55.00 | NOTE | |
r-patched-linux-x86_64 | 0.1.1 | 16.50 | 32.78 | 49.28 | OK | |
r-release-linux-x86_64 | 0.1.1 | 15.49 | 32.58 | 48.07 | OK | |
r-release-macos-arm64 | 0.1.1 | 29.00 | NOTE | |||
r-release-macos-x86_64 | 0.1.1 | 51.00 | NOTE | |||
r-release-windows-x86_64 | 0.1.1 | 15.00 | 51.00 | 66.00 | NOTE | |
r-oldrel-macos-arm64 | 0.1.1 | 31.00 | NOTE | |||
r-oldrel-macos-x86_64 | 0.1.1 | 43.00 | NOTE | |||
r-oldrel-windows-x86_64 | 0.1.1 | 31.00 | 56.00 | 87.00 | NOTE |
Version: 0.1.1
Check: installed package size
Result: NOTE
installed size is 5.3Mb
sub-directories of 1Mb or more:
data 5.2Mb
Flavors: r-devel-linux-x86_64-fedora-clang, r-devel-windows-x86_64, r-release-macos-arm64, r-release-macos-x86_64, r-release-windows-x86_64, r-oldrel-macos-arm64, r-oldrel-macos-x86_64, r-oldrel-windows-x86_64