CRAN Package Check Results for Package text2speech

Last updated on 2021-11-30 11:52:13 CET.

Flavor Version Tinstall Tcheck Ttotal Status Flags
r-devel-linux-x86_64-debian-clang 0.2.13 2.54 36.02 38.56 NOTE
r-devel-linux-x86_64-debian-gcc 0.2.13 1.88 27.83 29.71 NOTE
r-devel-linux-x86_64-fedora-clang 0.2.13 63.62 NOTE
r-devel-linux-x86_64-fedora-gcc 0.2.13 46.14 NOTE
r-devel-windows-x86_64-new-UL 0.2.13 8.00 101.00 109.00 NOTE
r-devel-windows-x86_64-new-TK 0.2.13 NOTE
r-devel-windows-x86_64-old 0.2.13 6.00 65.00 71.00 NOTE
r-patched-linux-x86_64 0.2.13 6.00 34.26 40.26 NOTE
r-patched-solaris-x86 0.2.13 66.40 NOTE
r-release-linux-x86_64 0.2.13 2.56 34.31 36.87 NOTE
r-release-macos-arm64 0.2.13 NOTE
r-release-macos-x86_64 0.2.13 NOTE
r-release-windows-ix86+x86_64 0.2.13 6.00 45.00 51.00 NOTE
r-oldrel-macos-x86_64 0.2.13 OK
r-oldrel-windows-ix86+x86_64 0.2.13 5.00 59.00 64.00 OK

Check Details

Version: 0.2.13
Check: LazyData
Result: NOTE
     'LazyData' is specified without a 'data' directory
Flavors: r-devel-linux-x86_64-debian-clang, r-devel-linux-x86_64-debian-gcc, r-devel-linux-x86_64-fedora-clang, r-devel-linux-x86_64-fedora-gcc, r-devel-windows-x86_64-new-UL, r-devel-windows-x86_64-new-TK, r-devel-windows-x86_64-old, r-patched-linux-x86_64, r-patched-solaris-x86, r-release-linux-x86_64, r-release-macos-arm64, r-release-macos-x86_64, r-release-windows-ix86+x86_64