CRAN Package Check Results for Package textmineR

Last updated on 2021-12-08 19:51:52 CET.

Flavor Version Tinstall Tcheck Ttotal Status Flags
r-devel-linux-x86_64-debian-clang 3.0.5 100.09 383.07 483.16 OK
r-devel-linux-x86_64-debian-gcc 3.0.5 69.11 284.47 353.58 OK
r-devel-linux-x86_64-fedora-clang 3.0.5 651.69 NOTE
r-devel-linux-x86_64-fedora-gcc 3.0.5 616.14 OK
r-devel-windows-x86_64-new-UL 3.0.5 133.00 582.00 715.00 OK
r-devel-windows-x86_64-new-TK 3.0.5 OK
r-devel-windows-x86_64-old 3.0.5 137.00 440.00 577.00 OK
r-patched-linux-x86_64 3.0.5 86.37 381.22 467.59 OK
r-release-linux-x86_64 3.0.5 88.68 374.24 462.92 OK
r-release-macos-arm64 3.0.5 NOTE
r-release-macos-x86_64 3.0.5 NOTE
r-release-windows-ix86+x86_64 3.0.5 189.00 655.00 844.00 OK
r-oldrel-macos-x86_64 3.0.5 NOTE
r-oldrel-windows-ix86+x86_64 3.0.5 256.00 664.00 920.00 OK

Check Details

Version: 3.0.5
Check: Rd cross-references
Result: NOTE
    Undeclared package ‘tm’ in Rd xrefs
Flavor: r-devel-linux-x86_64-fedora-clang

Version: 3.0.5
Check: installed package size
Result: NOTE
     installed size is 6.1Mb
     sub-directories of 1Mb or more:
     libs 4.2Mb
Flavors: r-release-macos-arm64, r-release-macos-x86_64, r-oldrel-macos-x86_64