CRAN Package Check Results for Package tfio

Last updated on 2022-01-26 08:51:33 CET.

Flavor Version Tinstall Tcheck Ttotal Status Flags
r-devel-linux-x86_64-debian-clang 0.4.1 8.98 87.58 96.56 NOTE
r-devel-linux-x86_64-debian-gcc 0.4.1 7.45 70.02 77.47 NOTE
r-devel-linux-x86_64-fedora-clang 0.4.1 116.72 NOTE
r-devel-linux-x86_64-fedora-gcc 0.4.1 108.47 NOTE
r-devel-windows-x86_64-new-UL 0.4.1 40.00 111.00 151.00 NOTE
r-devel-windows-x86_64-new-TK 0.4.1 NOTE
r-patched-linux-x86_64 0.4.1 7.75 82.83 90.58 NOTE
r-release-linux-x86_64 0.4.1 7.93 81.17 89.10 NOTE
r-release-macos-arm64 0.4.1 NOTE
r-release-macos-x86_64 0.4.1 NOTE
r-release-windows-ix86+x86_64 0.4.1 20.00 101.00 121.00 NOTE
r-oldrel-macos-x86_64 0.4.1 OK
r-oldrel-windows-ix86+x86_64 0.4.1 20.00 101.00 121.00 OK

Check Details

Version: 0.4.1
Check: LazyData
Result: NOTE
     'LazyData' is specified without a 'data' directory
Flavors: r-devel-linux-x86_64-debian-clang, r-devel-linux-x86_64-debian-gcc, r-devel-linux-x86_64-fedora-clang, r-devel-linux-x86_64-fedora-gcc, r-devel-windows-x86_64-new-UL, r-devel-windows-x86_64-new-TK, r-patched-linux-x86_64, r-release-linux-x86_64, r-release-macos-arm64, r-release-macos-x86_64, r-release-windows-ix86+x86_64