Last updated on 2023-09-25 01:03:49 CEST.
Flavor | Version | Tinstall | Tcheck | Ttotal | Status | Flags |
---|---|---|---|---|---|---|
r-devel-linux-x86_64-debian-clang | 2022.3-1 | 5.62 | 73.55 | 79.17 | NOTE | |
r-devel-linux-x86_64-debian-gcc | 2022.3-1 | 5.32 | 55.28 | 60.60 | NOTE | |
r-devel-linux-x86_64-fedora-clang | 2022.3-1 | 96.50 | NOTE | |||
r-devel-linux-x86_64-fedora-gcc | 2022.3-1 | 106.64 | NOTE | |||
r-devel-windows-x86_64 | 2022.3-1 | 5.00 | 84.00 | 89.00 | NOTE | |
r-patched-linux-x86_64 | 2022.3-1 | 5.68 | 70.30 | 75.98 | OK | |
r-release-linux-x86_64 | 2022.3-1 | 5.66 | 72.28 | 77.94 | OK | |
r-release-macos-arm64 | 2022.3-1 | 38.00 | OK | |||
r-release-macos-x86_64 | 2022.3-1 | 63.00 | OK | |||
r-release-windows-x86_64 | 2022.3-1 | 6.00 | 89.00 | 95.00 | OK | |
r-oldrel-macos-arm64 | 2022.3-1 | 34.00 | OK | |||
r-oldrel-macos-x86_64 | 2022.3-1 | 45.00 | OK | |||
r-oldrel-windows-x86_64 | 2022.3-1 | 9.00 | 93.00 | 102.00 | OK |
Version: 2022.3-1
Check: Rd \usage sections
Result: NOTE
Objects in \usage without \alias in documentation object 'tframe.timeSeries':
‘tbind.timeSeries’
Objects in \usage without \alias in documentation object 'tframe.tis':
‘tfstart.tis’
Functions with \usage entries need to have the appropriate \alias
entries, and all their arguments documented.
The \usage entries must correspond to syntactically valid R code.
See chapter ‘Writing R documentation files’ in the ‘Writing R
Extensions’ manual.
Flavors: r-devel-linux-x86_64-debian-clang, r-devel-linux-x86_64-debian-gcc, r-devel-linux-x86_64-fedora-clang, r-devel-linux-x86_64-fedora-gcc, r-devel-windows-x86_64