Last updated on 2023-03-21 11:54:03 CET.
Flavor | Version | Tinstall | Tcheck | Ttotal | Status | Flags |
---|---|---|---|---|---|---|
r-devel-linux-x86_64-debian-clang | 0.3.5 | 58.11 | 147.47 | 205.58 | NOTE | |
r-devel-linux-x86_64-debian-gcc | 0.3.5 | 43.65 | 107.63 | 151.28 | NOTE | |
r-devel-linux-x86_64-fedora-clang | 0.3.5 | 291.09 | NOTE | |||
r-devel-linux-x86_64-fedora-gcc | 0.3.5 | 242.30 | NOTE | |||
r-patched-linux-x86_64 | 0.3.5 | 45.09 | 140.83 | 185.92 | OK | |
r-release-linux-x86_64 | 0.3.5 | 46.43 | 135.21 | 181.64 | OK | |
r-release-macos-arm64 | 0.3.5 | 59.00 | OK | |||
r-release-macos-x86_64 | 0.3.5 | 82.00 | OK | |||
r-oldrel-macos-arm64 | 0.3.5 | 63.00 | OK | |||
r-oldrel-macos-x86_64 | 0.3.5 | 83.00 | OK |
Version: 0.3.5
Check: C++ specification
Result: NOTE
Specified C++11: please drop specification unless essential
Flavors: r-devel-linux-x86_64-debian-clang, r-devel-linux-x86_64-debian-gcc, r-devel-linux-x86_64-fedora-clang, r-devel-linux-x86_64-fedora-gcc