Last updated on 2023-12-02 12:48:34 CET.
Flavor | Version | Tinstall | Tcheck | Ttotal | Status | Flags |
---|---|---|---|---|---|---|
r-devel-linux-x86_64-debian-clang | 0.5.4.1 | 18.57 | 215.21 | 233.78 | NOTE | |
r-devel-linux-x86_64-debian-gcc | 0.5.4.1 | 16.50 | 159.57 | 176.07 | NOTE | |
r-devel-linux-x86_64-fedora-clang | 0.5.4.1 | 302.18 | OK | |||
r-devel-linux-x86_64-fedora-gcc | 0.5.4.1 | 314.43 | OK | |||
r-devel-windows-x86_64 | 0.5.4.1 | 17.00 | 166.00 | 183.00 | OK | |
r-patched-linux-x86_64 | 0.5.4.1 | 18.24 | 202.80 | 221.04 | OK | |
r-release-linux-x86_64 | 0.5.4.1 | 12.85 | 203.38 | 216.23 | OK | |
r-release-macos-arm64 | 0.5.4.1 | 73.00 | OK | |||
r-release-macos-x86_64 | 0.5.4.1 | 197.00 | OK | |||
r-release-windows-x86_64 | 0.5.4.1 | 23.00 | 220.00 | 243.00 | OK | |
r-oldrel-macos-arm64 | 0.5.4.1 | 84.00 | OK | |||
r-oldrel-macos-x86_64 | 0.5.4.1 | 131.00 | OK | |||
r-oldrel-windows-x86_64 | 0.5.4.1 | 23.00 | 209.00 | 232.00 | OK |
Version: 0.5.4.1
Check: Rd files
Result: NOTE
checkRd: (-1) resampled_ttest.Rd:5: Lost braces; missing escapes or markup?
5 | \title{Compute correlated t-statistic and p-value for resampled data from {correctR} package}
| ^
checkRd: (-1) resampled_ttest.Rd:24: Lost braces; missing escapes or markup?
24 | Compute correlated t-statistic and p-value for resampled data from {correctR} package
| ^
Flavors: r-devel-linux-x86_64-debian-clang, r-devel-linux-x86_64-debian-gcc