CRAN Package Check Results for Package thematic

Last updated on 2022-01-23 12:05:27 CET.

Flavor Version Tinstall Tcheck Ttotal Status Flags
r-devel-linux-x86_64-debian-clang 0.1.2.1 5.05 60.04 65.09 OK
r-devel-linux-x86_64-debian-gcc 0.1.2.1 3.21 49.95 53.16 OK
r-devel-linux-x86_64-fedora-clang 0.1.2.1 79.49 OK
r-devel-linux-x86_64-fedora-gcc 0.1.2.1 69.85 OK
r-devel-windows-x86_64-new-UL 0.1.2.1 586.00 91.00 677.00 OK
r-devel-windows-x86_64-new-TK 0.1.2.1 OK
r-patched-linux-x86_64 0.1.2.1 5.04 56.35 61.39 OK
r-release-linux-x86_64 0.1.2.1 4.37 56.33 60.70 OK
r-release-macos-arm64 0.1.2.1 NOTE
r-release-macos-x86_64 0.1.2.1 OK
r-release-windows-ix86+x86_64 0.1.2.1 10.00 75.00 85.00 OK
r-oldrel-macos-x86_64 0.1.2.1 OK
r-oldrel-windows-ix86+x86_64 0.1.2.1 9.00 75.00 84.00 OK

Check Details

Version: 0.1.2.1
Check: package dependencies
Result: NOTE
    Packages suggested but not available for checking: 'sysfonts', 'showtext'
Flavor: r-release-macos-arm64