CRAN Package Check Results for Package threesixtygiving

Last updated on 2021-12-09 03:59:48 CET.

Flavor Version Tinstall Tcheck Ttotal Status Flags
r-devel-linux-x86_64-debian-clang 0.2.2 7.07 70.58 77.65 NOTE
r-devel-linux-x86_64-debian-gcc 0.2.2 6.12 56.44 62.56 NOTE
r-devel-linux-x86_64-fedora-clang 0.2.2 97.74 NOTE
r-devel-linux-x86_64-fedora-gcc 0.2.2 81.68 NOTE
r-devel-windows-x86_64-new-UL 0.2.2 17.00 108.00 125.00 NOTE
r-devel-windows-x86_64-new-TK 0.2.2 NOTE
r-devel-windows-x86_64-old 0.2.2 12.00 68.00 80.00 NOTE
r-patched-linux-x86_64 0.2.2 7.71 66.96 74.67 NOTE
r-release-linux-x86_64 0.2.2 7.75 65.25 73.00 NOTE
r-release-macos-arm64 0.2.2 NOTE
r-release-macos-x86_64 0.2.2 NOTE
r-release-windows-ix86+x86_64 0.2.2 11.00 88.00 99.00 NOTE
r-oldrel-macos-x86_64 0.2.2 OK
r-oldrel-windows-ix86+x86_64 0.2.2 18.00 88.00 106.00 OK

Check Details

Version: 0.2.2
Check: LazyData
Result: NOTE
     'LazyData' is specified without a 'data' directory
Flavors: r-devel-linux-x86_64-debian-clang, r-devel-linux-x86_64-debian-gcc, r-devel-linux-x86_64-fedora-clang, r-devel-linux-x86_64-fedora-gcc, r-devel-windows-x86_64-new-UL, r-devel-windows-x86_64-new-TK, r-devel-windows-x86_64-old, r-patched-linux-x86_64, r-release-linux-x86_64, r-release-macos-arm64, r-release-macos-x86_64, r-release-windows-ix86+x86_64