CRAN Package Check Results for Package threesixtygiving

Last updated on 2023-06-08 04:55:05 CEST.

Flavor Version Tinstall Tcheck Ttotal Status Flags
r-devel-linux-x86_64-debian-clang 0.2.2 8.57 67.53 76.10 NOTE
r-devel-linux-x86_64-debian-gcc 0.2.2 5.51 50.57 56.08 NOTE
r-devel-linux-x86_64-fedora-clang 0.2.2 99.15 NOTE
r-devel-linux-x86_64-fedora-gcc 0.2.2 99.01 NOTE
r-devel-windows-x86_64 0.2.2 10.00 72.00 82.00 NOTE
r-patched-linux-x86_64 0.2.2 7.41 63.04 70.45 NOTE
r-release-linux-x86_64 0.2.2 5.03 62.55 67.58 NOTE
r-release-macos-arm64 0.2.2 37.00 NOTE
r-release-macos-x86_64 0.2.2 58.00 NOTE
r-release-windows-x86_64 0.2.2 11.00 78.00 89.00 NOTE
r-oldrel-macos-arm64 0.2.2 31.00 NOTE
r-oldrel-macos-x86_64 0.2.2 53.00 NOTE
r-oldrel-windows-x86_64 0.2.2 11.00 84.00 95.00 NOTE

Check Details

Version: 0.2.2
Check: LazyData
Result: NOTE
     'LazyData' is specified without a 'data' directory
Flavors: r-devel-linux-x86_64-debian-clang, r-devel-linux-x86_64-debian-gcc, r-devel-linux-x86_64-fedora-clang, r-devel-linux-x86_64-fedora-gcc, r-devel-windows-x86_64, r-patched-linux-x86_64, r-release-linux-x86_64, r-release-macos-arm64, r-release-macos-x86_64, r-release-windows-x86_64, r-oldrel-macos-arm64, r-oldrel-macos-x86_64, r-oldrel-windows-x86_64